CRAN Package Check Results for Package mcount

Last updated on 2022-09-30 12:55:13 CEST.

Flavor Version Tinstall Tcheck Ttotal Status Flags
r-devel-linux-x86_64-debian-clang 1.0.0 9.13 81.59 90.72 OK
r-devel-linux-x86_64-debian-gcc 1.0.0 8.29 61.90 70.19 OK
r-devel-linux-x86_64-fedora-clang 1.0.0 122.37 OK
r-devel-linux-x86_64-fedora-gcc 1.0.0 115.71 OK
r-devel-windows-x86_64 1.0.0 17.00 99.00 116.00 OK
r-patched-linux-x86_64 1.0.0 9.56 78.03 87.59 OK
r-release-linux-x86_64 1.0.0 8.91 77.43 86.34 OK
r-release-macos-arm64 1.0.0 36.00 OK
r-release-macos-x86_64 1.0.0 46.00 OK
r-release-windows-x86_64 1.0.0 15.00 98.00 113.00 OK
r-oldrel-macos-arm64 1.0.0 32.00 OK
r-oldrel-macos-x86_64 1.0.0 42.00 OK
r-oldrel-windows-ix86+x86_64 1.0.0 20.00 100.00 120.00 ERROR

Check Details

Version: 1.0.0
Check: PDF version of manual
Result: WARN
    LaTeX errors when creating PDF version.
    This typically indicates Rd problems.
    LaTeX errors found:
    ! Package inputenc Error: Unicode char รข<c2><80><c2><90> (U+2010)
    (inputenc) not set up for use with LaTeX.
    
    See the inputenc package documentation for explanation.
    Type H <return> for immediate help.
Flavor: r-oldrel-windows-ix86+x86_64

Version: 1.0.0
Check: PDF version of manual without hyperrefs or index
Result: ERROR
Flavor: r-oldrel-windows-ix86+x86_64