CRAN Package Check Results for Package mclustAddons

Last updated on 2022-10-07 12:55:06 CEST.

Flavor Version Tinstall Tcheck Ttotal Status Flags
r-devel-linux-x86_64-debian-clang 0.6 36.23 131.85 168.08 OK
r-devel-linux-x86_64-debian-gcc 0.6 28.19 97.50 125.69 NOTE
r-devel-linux-x86_64-fedora-clang 0.6 219.36 OK
r-devel-linux-x86_64-fedora-gcc 0.6 204.92 OK
r-devel-windows-x86_64 0.6 60.00 180.00 240.00 OK
r-patched-linux-x86_64 0.6 33.01 122.77 155.78 OK
r-release-linux-x86_64 0.6 27.07 123.08 150.15 OK
r-release-macos-arm64 0.6 89.00 OK
r-release-macos-x86_64 0.6 76.00 OK
r-release-windows-x86_64 0.6 54.00 176.00 230.00 OK
r-oldrel-macos-arm64 0.6 78.00 OK
r-oldrel-macos-x86_64 0.6 79.00 OK
r-oldrel-windows-ix86+x86_64 0.6 86.00 202.00 288.00 OK

Check Details

Version: 0.6
Check: compilation flags used
Result: NOTE
    Compilation used the following non-portable flag(s):
     ‘-Wstrict-prototypes’
Flavor: r-devel-linux-x86_64-debian-gcc