CRAN Package Check Results for Package mcca

Last updated on 2020-05-27 07:51:01 CEST.

Flavor Version Tinstall Tcheck Ttotal Status Flags
r-devel-linux-x86_64-debian-clang 0.7.0 15.16 117.26 132.42 OK
r-devel-linux-x86_64-debian-gcc 0.7.0 12.54 89.20 101.74 OK
r-devel-linux-x86_64-fedora-clang 0.7.0 157.92 OK
r-devel-linux-x86_64-fedora-gcc 0.7.0 156.26 OK
r-devel-windows-ix86+x86_64 0.7.0 52.00 122.00 174.00 OK
r-patched-linux-x86_64 0.7.0 15.50 112.91 128.41 OK
r-patched-solaris-x86 0.7.0 232.10 OK
r-release-linux-x86_64 0.7.0 16.13 114.38 130.51 OK
r-release-osx-x86_64 0.7.0 OK
r-release-windows-ix86+x86_64 0.7.0 44.00 180.00 224.00 OK
r-oldrel-osx-x86_64 0.7.0 WARN
r-oldrel-windows-ix86+x86_64 0.7.0 28.00 123.00 151.00 OK

Check Details

Version: 0.7.0
Check: whether package can be installed
Result: WARN
    Found the following significant warnings:
     Warning: 'rgl_init' failed, running with rgl.useNULL = TRUE
Flavor: r-oldrel-osx-x86_64

Version: 0.7.0
Check: dependencies in R code
Result: NOTE
    No protocol specified
Flavor: r-oldrel-osx-x86_64

Version: 0.7.0
Check: S3 generic/method consistency
Result: WARN
    No protocol specified
    See section ‘Generic functions and methods’ in the ‘Writing R
    Extensions’ manual.
Flavor: r-oldrel-osx-x86_64

Version: 0.7.0
Check: replacement functions
Result: WARN
    No protocol specified
    The argument of a replacement function which corresponds to the right
    hand side must be named ‘value’.
Flavor: r-oldrel-osx-x86_64

Version: 0.7.0
Check: foreign function calls
Result: NOTE
    No protocol specified
    See chapter ‘System and foreign language interfaces’ in the ‘Writing R
    Extensions’ manual.
Flavor: r-oldrel-osx-x86_64

Version: 0.7.0
Check: R code for possible problems
Result: NOTE
    No protocol specified
Flavor: r-oldrel-osx-x86_64

Version: 0.7.0
Check: for missing documentation entries
Result: WARN
    No protocol specified
    All user-level objects in a package should have documentation entries.
    See chapter ‘Writing R documentation files’ in the ‘Writing R
    Extensions’ manual.
Flavor: r-oldrel-osx-x86_64

Version: 0.7.0
Check: for code/documentation mismatches
Result: WARN
    No protocol specified
    No protocol specified
    No protocol specified
Flavor: r-oldrel-osx-x86_64

Version: 0.7.0
Check: Rd \usage sections
Result: NOTE
    No protocol specified
    The \usage entries for S3 methods should use the \method markup and not
    their full name.
    See chapter ‘Writing R documentation files’ in the ‘Writing R
    Extensions’ manual.
Flavor: r-oldrel-osx-x86_64