Last updated on 2025-01-24 21:48:30 CET.
Flavor | Version | Tinstall | Tcheck | Ttotal | Status | Flags |
---|---|---|---|---|---|---|
r-devel-linux-x86_64-debian-clang | 0.7.0 | 15.93 | 111.77 | 127.70 | OK | |
r-devel-linux-x86_64-debian-gcc | 0.7.0 | 12.90 | 85.90 | 98.80 | OK | |
r-devel-linux-x86_64-fedora-clang | 0.7.0 | 204.67 | OK | |||
r-devel-linux-x86_64-fedora-gcc | 0.7.0 | 186.63 | OK | |||
r-devel-windows-x86_64 | 0.7.0 | 16.00 | 115.00 | 131.00 | OK | |
r-patched-linux-x86_64 | 0.7.0 | 14.28 | 104.61 | 118.89 | NOTE | |
r-release-linux-x86_64 | 0.7.0 | 13.36 | 103.94 | 117.30 | NOTE | |
r-release-macos-arm64 | 0.7.0 | 51.00 | NOTE | |||
r-release-macos-x86_64 | 0.7.0 | 74.00 | NOTE | |||
r-release-windows-x86_64 | 0.7.0 | 15.00 | 115.00 | 130.00 | NOTE | |
r-oldrel-macos-arm64 | 0.7.0 | 53.00 | NOTE | |||
r-oldrel-macos-x86_64 | 0.7.0 | 93.00 | NOTE | |||
r-oldrel-windows-x86_64 | 0.7.0 | 20.00 | 142.00 | 162.00 | NOTE |
Version: 0.7.0
Check: LazyData
Result: NOTE
'LazyData' is specified without a 'data' directory
Flavors: r-patched-linux-x86_64, r-release-linux-x86_64, r-release-macos-arm64, r-release-macos-x86_64, r-release-windows-x86_64, r-oldrel-macos-arm64, r-oldrel-macos-x86_64, r-oldrel-windows-x86_64