CRAN Package Check Results for Package mcb

Last updated on 2022-08-14 18:49:17 CEST.

Flavor Version Tinstall Tcheck Ttotal Status Flags
r-devel-linux-x86_64-debian-clang 0.1.15 13.87 147.87 161.74 OK
r-devel-linux-x86_64-debian-gcc 0.1.15 9.32 107.64 116.96 OK
r-devel-linux-x86_64-fedora-clang 0.1.15 194.74 NOTE
r-devel-linux-x86_64-fedora-gcc 0.1.15 192.38 NOTE
r-devel-windows-x86_64 0.1.15 18.00 158.00 176.00 OK
r-patched-linux-x86_64 0.1.15 11.52 138.56 150.08 OK
r-release-linux-x86_64 0.1.15 9.10 139.20 148.30 OK
r-release-macos-arm64 0.1.15 50.00 NOTE
r-release-macos-x86_64 0.1.15 94.00 NOTE
r-release-windows-x86_64 0.1.15 15.00 164.00 179.00 OK
r-oldrel-macos-arm64 0.1.15 59.00 NOTE
r-oldrel-macos-x86_64 0.1.15 76.00 NOTE
r-oldrel-windows-ix86+x86_64 0.1.15 26.00 156.00 182.00 OK

Check Details

Version: 0.1.15
Check: dependencies in R code
Result: NOTE
    Namespaces in Imports field not imported from:
     ‘MASS’ ‘lars’ ‘methods’ ‘parallel’ ‘smoothmest’
     All declared Imports should be used.
Flavors: r-devel-linux-x86_64-fedora-clang, r-devel-linux-x86_64-fedora-gcc, r-release-macos-arm64, r-release-macos-x86_64, r-oldrel-macos-arm64, r-oldrel-macos-x86_64