CRAN Package Check Results for Package mbrglm

Last updated on 2022-09-30 12:55:13 CEST.

Flavor Version Tinstall Tcheck Ttotal Status Flags
r-devel-linux-x86_64-debian-clang 0.0.1 3.40 25.92 29.32 OK
r-devel-linux-x86_64-debian-gcc 0.0.1 2.27 20.64 22.91 OK
r-devel-linux-x86_64-fedora-clang 0.0.1 48.23 NOTE
r-devel-linux-x86_64-fedora-gcc 0.0.1 45.28 NOTE
r-devel-windows-x86_64 0.0.1 12.00 53.00 65.00 OK
r-patched-linux-x86_64 0.0.1 3.27 25.03 28.30 OK
r-release-linux-x86_64 0.0.1 2.53 25.22 27.75 OK
r-release-macos-arm64 0.0.1 15.00 OK
r-release-macos-x86_64 0.0.1 23.00 OK
r-release-windows-x86_64 0.0.1 11.00 57.00 68.00 OK
r-oldrel-macos-arm64 0.0.1 19.00 OK
r-oldrel-macos-x86_64 0.0.1 29.00 OK
r-oldrel-windows-ix86+x86_64 0.0.1 9.00 55.00 64.00 OK

Check Details

Version: 0.0.1
Check: compiled code
Result: NOTE
    File ‘mbrglm/libs/mbrglm.so’:
     Found no calls to: ‘R_registerRoutines’, ‘R_useDynamicSymbols’
    
    It is good practice to register native routines and to disable symbol
    search.
    
    See ‘Writing portable packages’ in the ‘Writing R Extensions’ manual.
Flavors: r-devel-linux-x86_64-fedora-clang, r-devel-linux-x86_64-fedora-gcc