CRAN Package Check Results for Package mbr

Last updated on 2022-08-15 12:54:03 CEST.

Flavor Version Tinstall Tcheck Ttotal Status Flags
r-devel-linux-x86_64-debian-clang 0.0.1 11.78 106.30 118.08 OK
r-devel-linux-x86_64-debian-gcc 0.0.1 9.03 79.49 88.52 OK
r-devel-linux-x86_64-fedora-clang 0.0.1 145.32 NOTE
r-devel-linux-x86_64-fedora-gcc 0.0.1 141.07 NOTE
r-devel-windows-x86_64 0.0.1 21.00 125.00 146.00 OK
r-patched-linux-x86_64 0.0.1 11.86 99.35 111.21 OK
r-release-linux-x86_64 0.0.1 9.01 100.19 109.20 OK
r-release-macos-arm64 0.0.1 44.00 NOTE
r-release-macos-x86_64 0.0.1 59.00 NOTE
r-release-windows-x86_64 0.0.1 19.00 129.00 148.00 OK
r-oldrel-macos-arm64 0.0.1 48.00 NOTE
r-oldrel-macos-x86_64 0.0.1 89.00 NOTE
r-oldrel-windows-ix86+x86_64 0.0.1 25.00 119.00 144.00 OK

Check Details

Version: 0.0.1
Check: dependencies in R code
Result: NOTE
    Namespace in Imports field not imported from: ‘MASS’
     All declared Imports should be used.
Flavors: r-devel-linux-x86_64-fedora-clang, r-devel-linux-x86_64-fedora-gcc, r-release-macos-arm64, r-release-macos-x86_64, r-oldrel-macos-arm64, r-oldrel-macos-x86_64