CRAN Package Check Results for Package mbir

Last updated on 2023-09-29 21:53:58 CEST.

Flavor Version Tinstall Tcheck Ttotal Status Flags
r-devel-linux-x86_64-debian-clang 1.3.5 5.37 42.52 47.89 NOTE
r-devel-linux-x86_64-debian-gcc 1.3.5 3.48 32.40 35.88 NOTE
r-devel-linux-x86_64-fedora-clang 1.3.5 64.02 NOTE
r-devel-linux-x86_64-fedora-gcc 1.3.5 74.81 NOTE
r-devel-windows-x86_64 1.3.5 5.00 54.00 59.00 NOTE
r-patched-linux-x86_64 1.3.5 4.89 41.51 46.40 NOTE
r-release-linux-x86_64 1.3.5 6.48 42.00 48.48 NOTE
r-release-macos-arm64 1.3.5 27.00 NOTE
r-release-macos-x86_64 1.3.5 42.00 NOTE
r-release-windows-x86_64 1.3.5 11.00 57.00 68.00 NOTE
r-oldrel-macos-arm64 1.3.5 27.00 NOTE
r-oldrel-macos-x86_64 1.3.5 31.00 NOTE
r-oldrel-windows-x86_64 1.3.5 8.00 58.00 66.00 NOTE

Check Details

Version: 1.3.5
Check: LazyData
Result: NOTE
     'LazyData' is specified without a 'data' directory
Flavors: r-devel-linux-x86_64-debian-clang, r-devel-linux-x86_64-debian-gcc, r-devel-linux-x86_64-fedora-clang, r-devel-linux-x86_64-fedora-gcc, r-devel-windows-x86_64, r-patched-linux-x86_64, r-release-linux-x86_64, r-release-macos-arm64, r-release-macos-x86_64, r-release-windows-x86_64, r-oldrel-macos-arm64, r-oldrel-macos-x86_64, r-oldrel-windows-x86_64

Version: 1.3.5
Check: dependencies in R code
Result: NOTE
    Namespaces in Imports field not imported from:
     ‘effsize’ ‘psych’
     All declared Imports should be used.
Flavors: r-devel-linux-x86_64-fedora-clang, r-devel-linux-x86_64-fedora-gcc, r-oldrel-macos-x86_64