CRAN Package Check Results for Package mbir

Last updated on 2022-10-06 01:49:52 CEST.

Flavor Version Tinstall Tcheck Ttotal Status Flags
r-devel-linux-x86_64-debian-clang 1.3.5 6.39 44.22 50.61 NOTE
r-devel-linux-x86_64-debian-gcc 1.3.5 4.61 33.10 37.71 NOTE
r-devel-linux-x86_64-fedora-clang 1.3.5 76.64 NOTE
r-devel-linux-x86_64-fedora-gcc 1.3.5 71.50 NOTE
r-devel-windows-x86_64 1.3.5 15.00 73.00 88.00 NOTE
r-patched-linux-x86_64 1.3.5 6.50 42.01 48.51 NOTE
r-release-linux-x86_64 1.3.5 5.31 42.20 47.51 NOTE
r-release-macos-arm64 1.3.5 23.00 NOTE
r-release-macos-x86_64 1.3.5 31.00 NOTE
r-release-windows-x86_64 1.3.5 20.00 71.00 91.00 NOTE
r-oldrel-macos-arm64 1.3.5 29.00 NOTE
r-oldrel-macos-x86_64 1.3.5 37.00 NOTE
r-oldrel-windows-ix86+x86_64 1.3.5 10.00 68.00 78.00 NOTE

Check Details

Version: 1.3.5
Check: LazyData
Result: NOTE
     'LazyData' is specified without a 'data' directory
Flavors: r-devel-linux-x86_64-debian-clang, r-devel-linux-x86_64-debian-gcc, r-devel-linux-x86_64-fedora-clang, r-devel-linux-x86_64-fedora-gcc, r-devel-windows-x86_64, r-patched-linux-x86_64, r-release-linux-x86_64, r-release-macos-arm64, r-release-macos-x86_64, r-release-windows-x86_64, r-oldrel-macos-arm64, r-oldrel-macos-x86_64, r-oldrel-windows-ix86+x86_64

Version: 1.3.5
Check: dependencies in R code
Result: NOTE
    Namespaces in Imports field not imported from:
     ‘effsize’ ‘psych’
     All declared Imports should be used.
Flavors: r-devel-linux-x86_64-fedora-clang, r-devel-linux-x86_64-fedora-gcc, r-release-macos-arm64, r-release-macos-x86_64, r-oldrel-macos-arm64, r-oldrel-macos-x86_64