CRAN Package Check Results for Package matchingR

Last updated on 2025-01-18 06:48:25 CET.

Flavor Version Tinstall Tcheck Ttotal Status Flags
r-devel-linux-x86_64-debian-clang 1.3.3 39.18 35.96 75.14 NOTE
r-devel-linux-x86_64-debian-gcc 1.3.3 28.03 27.61 55.64 NOTE
r-devel-linux-x86_64-fedora-clang 1.3.3 154.87 NOTE
r-devel-linux-x86_64-fedora-gcc 1.3.3 160.70 NOTE
r-devel-windows-x86_64 1.3.3 46.00 79.00 125.00 NOTE
r-patched-linux-x86_64 1.3.3 39.75 34.31 74.06 NOTE
r-release-linux-x86_64 1.3.3 40.73 34.25 74.98 NOTE
r-release-macos-arm64 1.3.3 43.00 NOTE
r-release-macos-x86_64 1.3.3 57.00 NOTE
r-release-windows-x86_64 1.3.3 45.00 82.00 127.00 NOTE
r-oldrel-macos-arm64 1.3.3 45.00 NOTE
r-oldrel-macos-x86_64 1.3.3 84.00 NOTE
r-oldrel-windows-x86_64 1.3.3 49.00 92.00 141.00 NOTE

Check Details

Version: 1.3.3
Check: C++ specification
Result: NOTE Specified C++11: please drop specification unless essential Flavors: r-devel-linux-x86_64-debian-clang, r-devel-linux-x86_64-debian-gcc, r-devel-linux-x86_64-fedora-clang, r-devel-linux-x86_64-fedora-gcc, r-devel-windows-x86_64, r-patched-linux-x86_64, r-release-linux-x86_64, r-release-macos-arm64, r-release-macos-x86_64, r-release-windows-x86_64, r-oldrel-macos-arm64, r-oldrel-macos-x86_64, r-oldrel-windows-x86_64