Last updated on 2022-08-11 18:50:20 CEST.
Flavor | Version | Tinstall | Tcheck | Ttotal | Status | Flags |
---|---|---|---|---|---|---|
r-devel-linux-x86_64-debian-clang | 1.1.10 | 14.00 | 152.19 | 166.19 | OK | |
r-devel-linux-x86_64-debian-gcc | 1.1.10 | 12.10 | 112.74 | 124.84 | OK | |
r-devel-linux-x86_64-fedora-clang | 1.1.10 | 217.45 | NOTE | |||
r-devel-linux-x86_64-fedora-gcc | 1.1.10 | 211.14 | NOTE | |||
r-devel-windows-x86_64 | 1.1.10 | 40.00 | 195.00 | 235.00 | OK | |
r-patched-linux-x86_64 | 1.1.10 | 13.55 | 142.60 | 156.15 | OK | |
r-release-linux-x86_64 | 1.1.10 | 14.02 | 140.36 | 154.38 | OK | |
r-release-macos-arm64 | 1.1.10 | 61.00 | NOTE | |||
r-release-macos-x86_64 | 1.1.10 | 98.00 | NOTE | |||
r-release-windows-x86_64 | 1.1.10 | 41.00 | 181.00 | 222.00 | OK | |
r-oldrel-macos-arm64 | 1.1.10 | 59.00 | NOTE | |||
r-oldrel-macos-x86_64 | 1.1.10 | 75.00 | NOTE | |||
r-oldrel-windows-ix86+x86_64 | 1.1.10 | 33.00 | 167.00 | 200.00 | OK |
Version: 1.1.10
Check: dependencies in R code
Result: NOTE
Namespace in Imports field not imported from: ‘Hmisc’
All declared Imports should be used.
Flavors: r-devel-linux-x86_64-fedora-clang, r-devel-linux-x86_64-fedora-gcc, r-release-macos-arm64, r-release-macos-x86_64, r-oldrel-macos-arm64, r-oldrel-macos-x86_64