CRAN Package Check Results for Package mason

Last updated on 2020-06-01 13:49:40 CEST.

Flavor Version Tinstall Tcheck Ttotal Status Flags
r-devel-linux-x86_64-debian-clang 0.2.6 2.67 39.31 41.98 ERROR
r-devel-linux-x86_64-debian-gcc 0.2.6 2.05 30.97 33.02 ERROR
r-devel-linux-x86_64-fedora-clang 0.2.6 59.03 ERROR
r-devel-linux-x86_64-fedora-gcc 0.2.6 52.02 ERROR
r-devel-windows-ix86+x86_64 0.2.6 9.00 69.00 78.00 OK
r-patched-linux-x86_64 0.2.6 2.53 37.40 39.93 OK
r-patched-solaris-x86 0.2.6 70.30 ERROR
r-release-linux-x86_64 0.2.6 2.23 38.36 40.59 ERROR
r-release-osx-x86_64 0.2.6 OK
r-release-windows-ix86+x86_64 0.2.6 6.00 124.00 130.00 OK
r-oldrel-osx-x86_64 0.2.6 OK
r-oldrel-windows-ix86+x86_64 0.2.6 5.00 51.00 56.00 OK

Check Details

Version: 0.2.6
Check: tests
Result: ERROR
     Running 'testthat.R' [9s/10s]
    Running the tests in 'tests/testthat.R' failed.
    Complete output:
     > library(testthat)
     > library(mason)
     >
     > test_check("mason")
     -- 1. Failure: (for glm bi) results are equal to real results (no covar) (@test-
     test_results[-1:-3] not equivalent to real_results[-1].
     Component "estimate": Mean relative difference: 2
     Component "std.error": Mean relative difference: 0.100108
     Component "statistic": Mean relative difference: 2
     Component "p.value": Mean relative difference: 1.019352
     Component "conf.low": Mean relative difference: 1.190297
     Component "conf.high": Mean relative difference: 0.7256076
    
     -- 2. Failure: (for glm bi) results are equal to real results (with covar) (@tes
     test_results[-1:-3] not equivalent to real_results[-1].
     Component "estimate": Mean relative difference: 1.996586
     Component "std.error": Mean relative difference: 0.0546987
     Component "statistic": Mean relative difference: 1.842412
     Component "p.value": Mean relative difference: 0.8855213
     Component "conf.low": Mean relative difference: 1.417119
     Component "conf.high": Mean relative difference: 1.125537
    
     -- 3. Failure: (for glm) results are equal to real results (with covar + int) (@
     test_results[-1:-3] not equivalent to real_results[-1].
     Component "estimate": Mean relative difference: 1.999997
     Component "std.error": Mean relative difference: 0.2627753
     Component "statistic": Mean relative difference: 1.789258
     Component "p.value": Mean relative difference: 1.333262
     Component "conf.low": Mean relative difference: 1.751052
     Component "conf.high": Mean relative difference: 1.316709
    
     == testthat results ===========================================================
     [ OK: 76 | SKIPPED: 1 | WARNINGS: 7 | FAILED: 3 ]
     1. Failure: (for glm bi) results are equal to real results (no covar) (@test-glm-binomial.R#59)
     2. Failure: (for glm bi) results are equal to real results (with covar) (@test-glm-binomial.R#73)
     3. Failure: (for glm) results are equal to real results (with covar + int) (@test-glm-binomial.R#88)
    
     Error: testthat unit tests failed
     Execution halted
Flavor: r-devel-linux-x86_64-debian-clang

Version: 0.2.6
Check: tests
Result: ERROR
     Running ‘testthat.R’ [7s/9s]
    Running the tests in ‘tests/testthat.R’ failed.
    Complete output:
     > library(testthat)
     > library(mason)
     >
     > test_check("mason")
     ── 1. Failure: (for glm bi) results are equal to real results (no covar) (@test-
     test_results[-1:-3] not equivalent to real_results[-1].
     Component "estimate": Mean relative difference: 2
     Component "std.error": Mean relative difference: 0.100108
     Component "statistic": Mean relative difference: 2
     Component "p.value": Mean relative difference: 1.019352
     Component "conf.low": Mean relative difference: 1.190297
     Component "conf.high": Mean relative difference: 0.7256076
    
     ── 2. Failure: (for glm bi) results are equal to real results (with covar) (@tes
     test_results[-1:-3] not equivalent to real_results[-1].
     Component "estimate": Mean relative difference: 1.996586
     Component "std.error": Mean relative difference: 0.0546987
     Component "statistic": Mean relative difference: 1.842412
     Component "p.value": Mean relative difference: 0.8855213
     Component "conf.low": Mean relative difference: 1.417119
     Component "conf.high": Mean relative difference: 1.125537
    
     ── 3. Failure: (for glm) results are equal to real results (with covar + int) (@
     test_results[-1:-3] not equivalent to real_results[-1].
     Component "estimate": Mean relative difference: 1.999997
     Component "std.error": Mean relative difference: 0.2627753
     Component "statistic": Mean relative difference: 1.789258
     Component "p.value": Mean relative difference: 1.333262
     Component "conf.low": Mean relative difference: 1.751052
     Component "conf.high": Mean relative difference: 1.316709
    
     ══ testthat results ═══════════════════════════════════════════════════════════
     [ OK: 76 | SKIPPED: 1 | WARNINGS: 7 | FAILED: 3 ]
     1. Failure: (for glm bi) results are equal to real results (no covar) (@test-glm-binomial.R#59)
     2. Failure: (for glm bi) results are equal to real results (with covar) (@test-glm-binomial.R#73)
     3. Failure: (for glm) results are equal to real results (with covar + int) (@test-glm-binomial.R#88)
    
     Error: testthat unit tests failed
     Execution halted
Flavor: r-devel-linux-x86_64-debian-gcc

Version: 0.2.6
Check: tests
Result: ERROR
     Running ‘testthat.R’ [10s/13s]
    Running the tests in ‘tests/testthat.R’ failed.
    Complete output:
     > library(testthat)
     > library(mason)
     >
     > test_check("mason")
     ── 1. Failure: (for glm bi) results are equal to real results (no covar) (@test-
     test_results[-1:-3] not equivalent to real_results[-1].
     Component "estimate": Mean relative difference: 2
     Component "std.error": Mean relative difference: 0.100108
     Component "statistic": Mean relative difference: 2
     Component "p.value": Mean relative difference: 1.019352
     Component "conf.low": Mean relative difference: 1.190297
     Component "conf.high": Mean relative difference: 0.7256076
    
     ── 2. Failure: (for glm bi) results are equal to real results (with covar) (@tes
     test_results[-1:-3] not equivalent to real_results[-1].
     Component "estimate": Mean relative difference: 1.996586
     Component "std.error": Mean relative difference: 0.0546987
     Component "statistic": Mean relative difference: 1.842412
     Component "p.value": Mean relative difference: 0.8855213
     Component "conf.low": Mean relative difference: 1.417119
     Component "conf.high": Mean relative difference: 1.125537
    
     ── 3. Failure: (for glm) results are equal to real results (with covar + int) (@
     test_results[-1:-3] not equivalent to real_results[-1].
     Component "estimate": Mean relative difference: 1.999997
     Component "std.error": Mean relative difference: 0.2627753
     Component "statistic": Mean relative difference: 1.789258
     Component "p.value": Mean relative difference: 1.333262
     Component "conf.low": Mean relative difference: 1.751052
     Component "conf.high": Mean relative difference: 1.316709
    
     ══ testthat results ═══════════════════════════════════════════════════════════
     [ OK: 76 | SKIPPED: 1 | WARNINGS: 7 | FAILED: 3 ]
     1. Failure: (for glm bi) results are equal to real results (no covar) (@test-glm-binomial.R#59)
     2. Failure: (for glm bi) results are equal to real results (with covar) (@test-glm-binomial.R#73)
     3. Failure: (for glm) results are equal to real results (with covar + int) (@test-glm-binomial.R#88)
    
     Error: testthat unit tests failed
     Execution halted
Flavor: r-devel-linux-x86_64-fedora-clang

Version: 0.2.6
Check: tests
Result: ERROR
     Running ‘testthat.R’ [11s/33s]
    Running the tests in ‘tests/testthat.R’ failed.
    Complete output:
     > library(testthat)
     > library(mason)
     >
     > test_check("mason")
     ── 1. Failure: (for glm bi) results are equal to real results (no covar) (@test-
     test_results[-1:-3] not equivalent to real_results[-1].
     Component "estimate": Mean relative difference: 2
     Component "std.error": Mean relative difference: 0.100108
     Component "statistic": Mean relative difference: 2
     Component "p.value": Mean relative difference: 1.019352
     Component "conf.low": Mean relative difference: 1.190297
     Component "conf.high": Mean relative difference: 0.7256076
    
     ── 2. Failure: (for glm bi) results are equal to real results (with covar) (@tes
     test_results[-1:-3] not equivalent to real_results[-1].
     Component "estimate": Mean relative difference: 1.996586
     Component "std.error": Mean relative difference: 0.0546987
     Component "statistic": Mean relative difference: 1.842412
     Component "p.value": Mean relative difference: 0.8855213
     Component "conf.low": Mean relative difference: 1.417119
     Component "conf.high": Mean relative difference: 1.125537
    
     ── 3. Failure: (for glm) results are equal to real results (with covar + int) (@
     test_results[-1:-3] not equivalent to real_results[-1].
     Component "estimate": Mean relative difference: 1.999997
     Component "std.error": Mean relative difference: 0.2627753
     Component "statistic": Mean relative difference: 1.789258
     Component "p.value": Mean relative difference: 1.333262
     Component "conf.low": Mean relative difference: 1.751052
     Component "conf.high": Mean relative difference: 1.316709
    
     ══ testthat results ═══════════════════════════════════════════════════════════
     [ OK: 76 | SKIPPED: 1 | WARNINGS: 7 | FAILED: 3 ]
     1. Failure: (for glm bi) results are equal to real results (no covar) (@test-glm-binomial.R#59)
     2. Failure: (for glm bi) results are equal to real results (with covar) (@test-glm-binomial.R#73)
     3. Failure: (for glm) results are equal to real results (with covar + int) (@test-glm-binomial.R#88)
    
     Error: testthat unit tests failed
     Execution halted
Flavor: r-devel-linux-x86_64-fedora-gcc

Version: 0.2.6
Check: tests
Result: ERROR
     Running ‘testthat.R’ [13s/13s]
    Running the tests in ‘tests/testthat.R’ failed.
    Complete output:
     > library(testthat)
     > library(mason)
     >
     > test_check("mason")
     ── 1. Failure: (for glm bi) results are equal to real results (no covar) (@test-
     test_results[-1:-3] not equivalent to real_results[-1].
     Component "estimate": Mean relative difference: 2
     Component "std.error": Mean relative difference: 0.100108
     Component "statistic": Mean relative difference: 2
     Component "p.value": Mean relative difference: 1.019352
     Component "conf.low": Mean relative difference: 1.190297
     Component "conf.high": Mean relative difference: 0.7256076
    
     ── 2. Failure: (for glm bi) results are equal to real results (with covar) (@tes
     test_results[-1:-3] not equivalent to real_results[-1].
     Component "estimate": Mean relative difference: 1.996586
     Component "std.error": Mean relative difference: 0.0546987
     Component "statistic": Mean relative difference: 1.842412
     Component "p.value": Mean relative difference: 0.8855213
     Component "conf.low": Mean relative difference: 1.417119
     Component "conf.high": Mean relative difference: 1.125537
    
     ── 3. Failure: (for glm) results are equal to real results (with covar + int) (@
     test_results[-1:-3] not equivalent to real_results[-1].
     Component "estimate": Mean relative difference: 1.999997
     Component "std.error": Mean relative difference: 0.2627753
     Component "statistic": Mean relative difference: 1.789258
     Component "p.value": Mean relative difference: 1.333262
     Component "conf.low": Mean relative difference: 1.751052
     Component "conf.high": Mean relative difference: 1.316709
    
     ══ testthat results ═══════════════════════════════════════════════════════════
     [ OK: 76 | SKIPPED: 1 | WARNINGS: 7 | FAILED: 3 ]
     1. Failure: (for glm bi) results are equal to real results (no covar) (@test-glm-binomial.R#59)
     2. Failure: (for glm bi) results are equal to real results (with covar) (@test-glm-binomial.R#73)
     3. Failure: (for glm) results are equal to real results (with covar + int) (@test-glm-binomial.R#88)
    
     Error: testthat unit tests failed
     Execution halted
Flavor: r-patched-solaris-x86

Version: 0.2.6
Check: tests
Result: ERROR
     Running ‘testthat.R’ [8s/9s]
    Running the tests in ‘tests/testthat.R’ failed.
    Complete output:
     > library(testthat)
     > library(mason)
     >
     > test_check("mason")
     ── 1. Failure: (for glm bi) results are equal to real results (no covar) (@test-
     test_results[-1:-3] not equivalent to real_results[-1].
     Component "estimate": Mean relative difference: 2
     Component "std.error": Mean relative difference: 0.100108
     Component "statistic": Mean relative difference: 2
     Component "p.value": Mean relative difference: 1.019352
     Component "conf.low": Mean relative difference: 1.190297
     Component "conf.high": Mean relative difference: 0.7256076
    
     ── 2. Failure: (for glm bi) results are equal to real results (with covar) (@tes
     test_results[-1:-3] not equivalent to real_results[-1].
     Component "estimate": Mean relative difference: 1.996586
     Component "std.error": Mean relative difference: 0.0546987
     Component "statistic": Mean relative difference: 1.842412
     Component "p.value": Mean relative difference: 0.8855213
     Component "conf.low": Mean relative difference: 1.417119
     Component "conf.high": Mean relative difference: 1.125537
    
     ── 3. Failure: (for glm) results are equal to real results (with covar + int) (@
     test_results[-1:-3] not equivalent to real_results[-1].
     Component "estimate": Mean relative difference: 1.999997
     Component "std.error": Mean relative difference: 0.2627753
     Component "statistic": Mean relative difference: 1.789258
     Component "p.value": Mean relative difference: 1.333262
     Component "conf.low": Mean relative difference: 1.751052
     Component "conf.high": Mean relative difference: 1.316709
    
     ══ testthat results ═══════════════════════════════════════════════════════════
     [ OK: 76 | SKIPPED: 1 | WARNINGS: 7 | FAILED: 3 ]
     1. Failure: (for glm bi) results are equal to real results (no covar) (@test-glm-binomial.R#59)
     2. Failure: (for glm bi) results are equal to real results (with covar) (@test-glm-binomial.R#73)
     3. Failure: (for glm) results are equal to real results (with covar + int) (@test-glm-binomial.R#88)
    
     Error: testthat unit tests failed
     Execution halted
Flavor: r-release-linux-x86_64