CRAN Package Check Results for Package markovchain

Last updated on 2020-05-29 19:47:11 CEST.

Flavor Version Tinstall Tcheck Ttotal Status Flags
r-devel-linux-x86_64-debian-clang 0.8.5 170.99 296.70 467.69 OK
r-devel-linux-x86_64-debian-gcc 0.8.5 137.53 216.72 354.25 OK
r-devel-linux-x86_64-fedora-clang 0.8.5 469.28 NOTE
r-devel-linux-x86_64-fedora-gcc 0.8.5 582.98 OK
r-devel-windows-ix86+x86_64 0.8.5 400.00 478.00 878.00 OK
r-patched-linux-x86_64 0.8.5 149.91 294.12 444.03 OK
r-patched-solaris-x86 0.8.5 622.50 OK
r-release-linux-x86_64 0.8.5 139.86 288.03 427.89 OK
r-release-osx-x86_64 0.8.5 NOTE
r-release-windows-ix86+x86_64 0.8.5 312.00 515.00 827.00 OK
r-oldrel-osx-x86_64 0.8.5 NOTE
r-oldrel-windows-ix86+x86_64 0.8.5 380.00 457.00 837.00 OK

Check Details

Version: 0.8.5
Check: installed package size
Result: NOTE
     installed size is 12.7Mb
     sub-directories of 1Mb or more:
     libs 10.9Mb
Flavors: r-devel-linux-x86_64-fedora-clang, r-release-osx-x86_64, r-oldrel-osx-x86_64