CRAN Package Check Results for Package markerpen

Last updated on 2022-09-25 12:56:01 CEST.

Flavor Version Tinstall Tcheck Ttotal Status Flags
r-devel-linux-x86_64-debian-clang 0.1.1 68.03 107.80 175.83 OK
r-devel-linux-x86_64-debian-gcc 0.1.1 55.14 76.41 131.55 OK
r-devel-linux-x86_64-fedora-clang 0.1.1 221.88 OK
r-devel-linux-x86_64-fedora-gcc 0.1.1 206.45 OK
r-devel-windows-x86_64 0.1.1 112.00 159.00 271.00 NOTE
r-patched-linux-x86_64 0.1.1 58.83 92.83 151.66 OK
r-release-linux-x86_64 0.1.1 60.55 90.88 151.43 OK
r-release-macos-arm64 0.1.1 64.00 NOTE
r-release-macos-x86_64 0.1.1 87.00 NOTE
r-release-windows-x86_64 0.1.1 55.00 155.00 210.00 NOTE
r-oldrel-macos-arm64 0.1.1 77.00 NOTE
r-oldrel-macos-x86_64 0.1.1 98.00 NOTE
r-oldrel-windows-ix86+x86_64 0.1.1 142.00 161.00 303.00 NOTE

Check Details

Version: 0.1.1
Check: installed package size
Result: NOTE
     installed size is 5.2Mb
     sub-directories of 1Mb or more:
     examples 2.7Mb
     libs 1.3Mb
Flavors: r-devel-windows-x86_64, r-release-macos-arm64, r-release-macos-x86_64, r-release-windows-x86_64, r-oldrel-macos-arm64, r-oldrel-macos-x86_64, r-oldrel-windows-ix86+x86_64