CRAN Package Check Results for Package markdown

Last updated on 2020-07-14 13:51:16 CEST.

Flavor Version Tinstall Tcheck Ttotal Status Flags
r-devel-linux-x86_64-debian-clang 1.1 8.08 25.76 33.84 OK
r-devel-linux-x86_64-debian-gcc 1.1 5.45 20.73 26.18 OK
r-devel-linux-x86_64-fedora-clang 1.1 50.16 OK
r-devel-linux-x86_64-fedora-gcc 1.1 41.61 OK
r-devel-windows-ix86+x86_64 1.1 27.00 67.00 94.00 OK
r-patched-linux-x86_64 1.1 6.53 25.73 32.26 OK
r-patched-solaris-x86 1.1 59.70 OK
r-release-linux-x86_64 1.1 5.57 25.95 31.52 OK
r-release-macos-x86_64 1.1 ERROR
r-release-windows-ix86+x86_64 1.1 28.00 43.00 71.00 OK
r-oldrel-macos-x86_64 1.1 OK
r-oldrel-windows-ix86+x86_64 1.1 29.00 74.00 103.00 OK

Check Details

Version: 1.1
Check: whether package can be installed
Result: ERROR
    Installation failed.
Flavor: r-release-macos-x86_64