CRAN Package Check Results for Package marg

Last updated on 2022-11-26 05:51:53 CET.

Flavor Version Tinstall Tcheck Ttotal Status Flags
r-devel-linux-x86_64-debian-clang 1.2-2.1 7.71 93.16 100.87 NOTE
r-devel-linux-x86_64-debian-gcc 1.2-2.1 8.56 70.09 78.65 NOTE
r-devel-linux-x86_64-fedora-clang 1.2-2.1 141.29 NOTE
r-devel-linux-x86_64-fedora-gcc 1.2-2.1 133.95 NOTE
r-devel-windows-x86_64 1.2-2.1 27.00 130.00 157.00 NOTE
r-patched-linux-x86_64 1.2-2.1 OK
r-release-linux-x86_64 1.2-2.1 12.06 84.74 96.80 OK
r-release-macos-arm64 1.2-2.1 34.00 OK
r-release-macos-x86_64 1.2-2.1 47.00 OK
r-release-windows-x86_64 1.2-2.1 24.00 116.00 140.00 OK
r-oldrel-macos-arm64 1.2-2.1 42.00 OK
r-oldrel-macos-x86_64 1.2-2.1 67.00 OK
r-oldrel-windows-ix86+x86_64 1.2-2.1 21.00 104.00 125.00 OK

Check Details

Version: 1.2-2.1
Check: Rd files
Result: NOTE
    checkRd: (-1) residuals.rsm.Rd:74: Escaped LaTeX specials: \&
Flavors: r-devel-linux-x86_64-debian-clang, r-devel-linux-x86_64-debian-gcc, r-devel-linux-x86_64-fedora-clang, r-devel-linux-x86_64-fedora-gcc, r-devel-windows-x86_64