CRAN Package Check Results for Package maraca

Last updated on 2024-06-19 12:27:15 CEST.

Flavor Version Tinstall Tcheck Ttotal Status Flags
r-devel-linux-x86_64-debian-clang 0.7 10.16 180.82 190.98 OK
r-devel-linux-x86_64-debian-gcc 0.7 5.55 134.12 139.67 OK
r-devel-linux-x86_64-fedora-clang 0.7 246.42 NOTE
r-devel-linux-x86_64-fedora-gcc 0.7 239.20 OK
r-devel-windows-x86_64 0.7 8.00 130.00 138.00 NOTE
r-patched-linux-x86_64 0.7 10.86 171.25 182.11 OK
r-release-linux-x86_64 0.7 6.56 170.21 176.77 OK
r-release-macos-arm64 0.7 65.00 NOTE
r-release-macos-x86_64 0.7 100.00 NOTE
r-release-windows-x86_64 0.7 10.00 131.00 141.00 NOTE
r-oldrel-macos-arm64 0.7 73.00 NOTE
r-oldrel-macos-x86_64 0.7 145.00 NOTE
r-oldrel-windows-x86_64 0.7 12.00 157.00 169.00 NOTE

Check Details

Version: 0.7
Check: installed package size
Result: NOTE installed size is 8.5Mb sub-directories of 1Mb or more: doc 7.4Mb Flavors: r-devel-linux-x86_64-fedora-clang, r-devel-windows-x86_64, r-release-macos-arm64, r-release-macos-x86_64, r-release-windows-x86_64, r-oldrel-macos-arm64, r-oldrel-macos-x86_64, r-oldrel-windows-x86_64