CRAN Package Check Results for Package maptpx

Last updated on 2020-10-26 13:47:01 CET.

Flavor Version Tinstall Tcheck Ttotal Status Flags
r-devel-linux-x86_64-debian-clang 1.9-7 5.45 27.58 33.03 OK
r-devel-linux-x86_64-debian-gcc 1.9-7 3.69 20.61 24.30 OK
r-devel-linux-x86_64-fedora-clang 1.9-7 48.06 OK
r-devel-linux-x86_64-fedora-gcc 1.9-7 36.99 OK
r-devel-windows-ix86+x86_64 1.9-7 14.00 64.00 78.00 OK
r-patched-linux-x86_64 1.9-7 4.42 25.11 29.53 OK
r-patched-solaris-x86 1.9-7 53.10 OK
r-release-linux-x86_64 1.9-7 4.39 25.08 29.47 OK
r-release-macos-x86_64 1.9-7 OK
r-release-windows-ix86+x86_64 1.9-7 18.00 42.00 60.00 OK
r-oldrel-macos-x86_64 1.9-7 NOTE
r-oldrel-windows-ix86+x86_64 1.9-7 11.00 39.00 50.00 NOTE

Check Details

Version: 1.9-7
Check: R code for possible problems
Result: NOTE
    plot.topics: no visible global function definition for ‘plot’
    Undefined global functions or variables:
     plot
    Consider adding
     importFrom("graphics", "plot")
    to your NAMESPACE file.
Flavors: r-oldrel-macos-x86_64, r-oldrel-windows-ix86+x86_64