CRAN Package Check Results for Package mappp

Last updated on 2022-09-29 21:49:10 CEST.

Flavor Version Tinstall Tcheck Ttotal Status Flags
r-devel-linux-x86_64-debian-clang 1.0.0 1.95 23.61 25.56 OK
r-devel-linux-x86_64-debian-gcc 1.0.0 1.66 18.89 20.55 OK
r-devel-linux-x86_64-fedora-clang 1.0.0 44.34 NOTE
r-devel-linux-x86_64-fedora-gcc 1.0.0 41.47 NOTE
r-devel-windows-x86_64 1.0.0 8.00 54.00 62.00 OK
r-patched-linux-x86_64 1.0.0 2.04 23.17 25.21 OK
r-release-linux-x86_64 1.0.0 1.34 23.24 24.58 OK
r-release-macos-arm64 1.0.0 20.00 NOTE
r-release-macos-x86_64 1.0.0 25.00 NOTE
r-release-windows-x86_64 1.0.0 4.00 59.00 63.00 OK
r-oldrel-macos-arm64 1.0.0 19.00 NOTE
r-oldrel-macos-x86_64 1.0.0 25.00 NOTE
r-oldrel-windows-ix86+x86_64 1.0.0 6.00 51.00 57.00 OK

Check Details

Version: 1.0.0
Check: dependencies in R code
Result: NOTE
    Namespace in Imports field not imported from: ‘pbmcapply’
     All declared Imports should be used.
Flavors: r-devel-linux-x86_64-fedora-clang, r-devel-linux-x86_64-fedora-gcc, r-release-macos-arm64, r-release-macos-x86_64, r-oldrel-macos-arm64, r-oldrel-macos-x86_64