CRAN Package Check Results for Package mappoly

Last updated on 2022-10-07 06:53:14 CEST.

Flavor Version Tinstall Tcheck Ttotal Status Flags
r-devel-linux-x86_64-debian-clang 0.3.1 185.56 325.46 511.02 OK
r-devel-linux-x86_64-debian-gcc 0.3.1 150.49 230.37 380.86 NOTE
r-devel-linux-x86_64-fedora-clang 0.3.1 715.19 NOTE
r-devel-linux-x86_64-fedora-gcc 0.3.1 672.62 OK
r-devel-windows-x86_64 0.3.1 208.00 389.00 597.00 NOTE
r-patched-linux-x86_64 0.3.1 172.09 297.24 469.33 OK
r-release-linux-x86_64 0.3.1 160.38 301.50 461.88 OK
r-release-macos-arm64 0.3.1 145.00 NOTE
r-release-macos-x86_64 0.3.1 215.00 NOTE
r-release-windows-x86_64 0.3.1 183.00 355.00 538.00 NOTE
r-oldrel-macos-arm64 0.3.1 131.00 NOTE
r-oldrel-macos-x86_64 0.3.1 215.00 NOTE
r-oldrel-windows-ix86+x86_64 0.3.1 396.00 568.00 964.00 NOTE

Check Details

Version: 0.3.1
Check: compilation flags used
Result: NOTE
    Compilation used the following non-portable flag(s):
     ‘-Wstrict-prototypes’
Flavor: r-devel-linux-x86_64-debian-gcc

Version: 0.3.1
Check: installed package size
Result: NOTE
     installed size is 7.5Mb
     sub-directories of 1Mb or more:
     R 2.7Mb
     data 2.4Mb
Flavors: r-devel-linux-x86_64-fedora-clang, r-devel-windows-x86_64, r-release-macos-arm64, r-release-macos-x86_64, r-release-windows-x86_64, r-oldrel-macos-arm64, r-oldrel-macos-x86_64, r-oldrel-windows-ix86+x86_64