CRAN Package Check Results for Package mapchina

Last updated on 2021-04-09 19:49:31 CEST.

Flavor Version Tinstall Tcheck Ttotal Status Flags
r-devel-linux-x86_64-debian-clang 0.1.0 5.07 51.77 56.84 OK
r-devel-linux-x86_64-debian-gcc 0.1.0 3.75 39.13 42.88 OK
r-devel-linux-x86_64-fedora-clang 0.1.0 76.45 NOTE
r-devel-linux-x86_64-fedora-gcc 0.1.0 64.59 NOTE
r-devel-windows-ix86+x86_64 0.1.0 10.00 48.00 58.00 OK
r-devel-windows-x86_64-gcc10-UCRT 0.1.0 NOTE
r-patched-linux-x86_64 0.1.0 4.93 48.26 53.19 OK
r-patched-solaris-x86 0.1.0 106.60 NOTE
r-release-linux-x86_64 0.1.0 OK
r-release-macos-x86_64 0.1.0 NOTE
r-release-windows-ix86+x86_64 0.1.0 12.00 70.00 82.00 OK
r-oldrel-macos-x86_64 0.1.0 NOTE
r-oldrel-windows-ix86+x86_64 0.1.0 12.00 49.00 61.00 OK

Check Details

Version: 0.1.0
Check: data for non-ASCII characters
Result: NOTE
     Note: found 11396 marked UTF-8 strings
Flavors: r-devel-linux-x86_64-fedora-clang, r-devel-linux-x86_64-fedora-gcc, r-devel-windows-x86_64-gcc10-UCRT, r-patched-solaris-x86, r-release-macos-x86_64, r-oldrel-macos-x86_64