CRAN Package Check Results for Package mallet

Last updated on 2020-12-04 19:48:34 CET.

Flavor Version Tinstall Tcheck Ttotal Status Flags
r-devel-linux-x86_64-debian-clang 1.0 3.93 38.53 42.46 NOTE
r-devel-linux-x86_64-debian-gcc 1.0 2.99 29.38 32.37 NOTE
r-devel-linux-x86_64-fedora-clang 1.0 56.45 NOTE
r-devel-linux-x86_64-fedora-gcc 1.0 47.21 NOTE
r-devel-windows-ix86+x86_64 1.0 9.00 44.00 53.00 NOTE
r-patched-linux-x86_64 1.0 3.87 34.27 38.14 NOTE
r-patched-solaris-x86 1.0 68.10 NOTE
r-release-linux-x86_64 1.0 3.58 33.50 37.08 NOTE
r-release-macos-x86_64 1.0 NOTE
r-release-windows-ix86+x86_64 1.0 9.00 43.00 52.00 NOTE
r-oldrel-macos-x86_64 1.0 NOTE
r-oldrel-windows-ix86+x86_64 1.0 9.00 44.00 53.00 NOTE

Check Details

Version: 1.0
Check: dependencies in R code
Result: NOTE
    Package in Depends field not imported from: 'rJava'
     These packages need to be imported from (in the NAMESPACE file)
     for when this namespace is loaded but not attached.
Flavors: r-devel-linux-x86_64-debian-clang, r-devel-linux-x86_64-debian-gcc, r-devel-linux-x86_64-fedora-clang, r-devel-linux-x86_64-fedora-gcc, r-devel-windows-ix86+x86_64, r-patched-linux-x86_64, r-patched-solaris-x86, r-release-linux-x86_64, r-release-macos-x86_64, r-release-windows-ix86+x86_64, r-oldrel-macos-x86_64, r-oldrel-windows-ix86+x86_64

Version: 1.0
Check: R code for possible problems
Result: NOTE
    MalletLDA: no visible global function definition for '.jnew'
    mallet.doc.topics: no visible global function definition for
     '.jevalArray'
    mallet.import: no visible global function definition for 'J'
    mallet.import: no visible global function definition for '.jnew'
    mallet.import: no visible global function definition for '.jcast'
    mallet.subset.topic.words: no visible global function definition for
     '.jevalArray'
    mallet.topic.hclust: no visible global function definition for 'hclust'
    mallet.topic.hclust: no visible global function definition for 'dist'
    mallet.topic.words: no visible global function definition for
     '.jevalArray'
    mallet.word.freqs: no visible global function definition for
     '.jevalArray'
    Undefined global functions or variables:
     .jcast .jevalArray .jnew J dist hclust
    Consider adding
     importFrom("stats", "dist", "hclust")
    to your NAMESPACE file.
Flavors: r-devel-linux-x86_64-debian-clang, r-devel-linux-x86_64-debian-gcc, r-devel-linux-x86_64-fedora-clang, r-devel-linux-x86_64-fedora-gcc, r-devel-windows-ix86+x86_64, r-patched-linux-x86_64, r-patched-solaris-x86, r-release-linux-x86_64, r-release-macos-x86_64, r-release-windows-ix86+x86_64, r-oldrel-macos-x86_64, r-oldrel-windows-ix86+x86_64