CRAN Package Check Results for Package malan

Last updated on 2021-01-21 07:52:58 CET.

Flavor Version Tinstall Tcheck Ttotal Status Flags
r-devel-linux-x86_64-debian-clang 1.0.2 328.60 93.04 421.64 OK
r-devel-linux-x86_64-debian-gcc 1.0.2 217.66 69.00 286.66 OK
r-devel-linux-x86_64-fedora-clang 1.0.2 590.24 NOTE
r-devel-linux-x86_64-fedora-gcc 1.0.2 527.50 OK
r-devel-windows-ix86+x86_64 1.0.2 583.00 143.00 726.00 OK
r-patched-linux-x86_64 1.0.2 260.94 86.35 347.29 OK
r-patched-solaris-x86 1.0.2 445.60 OK
r-release-linux-x86_64 1.0.2 256.74 88.02 344.76 OK
r-release-macos-x86_64 1.0.2 NOTE
r-release-windows-ix86+x86_64 1.0.2 661.00 164.00 825.00 OK
r-oldrel-macos-x86_64 1.0.2 NOTE
r-oldrel-windows-ix86+x86_64 1.0.2 509.00 121.00 630.00 OK

Check Details

Version: 1.0.2
Check: installed package size
Result: NOTE
     installed size is 13.3Mb
     sub-directories of 1Mb or more:
     libs 12.3Mb
Flavors: r-devel-linux-x86_64-fedora-clang, r-release-macos-x86_64, r-oldrel-macos-x86_64