CRAN Package Check Results for Package mailtoR

Last updated on 2022-09-29 00:52:52 CEST.

Flavor Version Tinstall Tcheck Ttotal Status Flags
r-devel-linux-x86_64-debian-clang 0.1.0 1.92 21.03 22.95 NOTE
r-devel-linux-x86_64-debian-gcc 0.1.0 1.55 16.69 18.24 NOTE
r-devel-linux-x86_64-fedora-clang 0.1.0 40.77 NOTE
r-devel-linux-x86_64-fedora-gcc 0.1.0 38.14 NOTE
r-devel-windows-x86_64 0.1.0 11.00 46.00 57.00 NOTE
r-patched-linux-x86_64 0.1.0 1.72 18.96 20.68 NOTE
r-release-linux-x86_64 0.1.0 1.44 20.38 21.82 NOTE
r-release-macos-arm64 0.1.0 14.00 NOTE
r-release-macos-x86_64 0.1.0 20.00 NOTE
r-release-windows-x86_64 0.1.0 8.00 48.00 56.00 NOTE
r-oldrel-macos-arm64 0.1.0 18.00 NOTE
r-oldrel-macos-x86_64 0.1.0 23.00 NOTE
r-oldrel-windows-ix86+x86_64 0.1.0 4.00 44.00 48.00 NOTE

Check Details

Version: 0.1.0
Check: LazyData
Result: NOTE
     'LazyData' is specified without a 'data' directory
Flavors: r-devel-linux-x86_64-debian-clang, r-devel-linux-x86_64-debian-gcc, r-devel-linux-x86_64-fedora-clang, r-devel-linux-x86_64-fedora-gcc, r-devel-windows-x86_64, r-patched-linux-x86_64, r-release-linux-x86_64, r-release-macos-arm64, r-release-macos-x86_64, r-release-windows-x86_64, r-oldrel-macos-arm64, r-oldrel-macos-x86_64, r-oldrel-windows-ix86+x86_64