CRAN Package Check Results for Package magi

Last updated on 2022-10-06 12:55:29 CEST.

Flavor Version Tinstall Tcheck Ttotal Status Flags
r-devel-linux-x86_64-debian-clang 1.2.0 341.21 153.82 495.03 OK
r-devel-linux-x86_64-debian-gcc 1.2.0 274.98 109.89 384.87 OK
r-devel-linux-x86_64-fedora-clang 1.2.0 741.14 OK
r-devel-linux-x86_64-fedora-gcc 1.2.0 671.28 OK
r-devel-windows-x86_64 1.2.0 249.00 207.00 456.00 OK
r-patched-linux-x86_64 1.2.0 303.57 147.73 451.30 OK
r-release-linux-x86_64 1.2.0 309.00 144.38 453.38 OK
r-release-macos-arm64 1.2.0 169.00 NOTE
r-release-macos-x86_64 1.2.0 208.00 NOTE
r-release-windows-x86_64 1.2.0 307.00 207.00 514.00 OK
r-oldrel-macos-arm64 1.2.0 150.00 NOTE
r-oldrel-macos-x86_64 1.2.0 215.00 NOTE
r-oldrel-windows-ix86+x86_64 1.2.0 834.00 337.00 1171.00 NOTE

Check Details

Version: 1.2.0
Check: installed package size
Result: NOTE
     installed size is 24.8Mb
     sub-directories of 1Mb or more:
     libs 23.5Mb
Flavors: r-release-macos-arm64, r-release-macos-x86_64, r-oldrel-macos-arm64, r-oldrel-macos-x86_64, r-oldrel-windows-ix86+x86_64