CRAN Package Check Results for Package magclass

Last updated on 2024-06-17 00:50:03 CEST.

Flavor Version Tinstall Tcheck Ttotal Status Flags
r-devel-linux-x86_64-debian-clang 6.13.2 14.31 156.73 171.04 NOTE
r-devel-linux-x86_64-debian-gcc 6.13.2 7.74 112.47 120.21 NOTE
r-devel-linux-x86_64-fedora-clang 6.13.2 207.69 NOTE
r-devel-linux-x86_64-fedora-gcc 6.13.2 207.02 NOTE
r-devel-windows-x86_64 6.13.2 10.00 138.00 148.00 NOTE
r-patched-linux-x86_64 6.13.2 12.92 147.96 160.88 NOTE
r-release-linux-x86_64 6.13.2 9.63 145.98 155.61 NOTE
r-release-macos-arm64 6.13.2 58.00 NOTE
r-release-macos-x86_64 6.13.2 95.00 NOTE
r-release-windows-x86_64 6.13.2 9.00 138.00 147.00 NOTE
r-oldrel-macos-arm64 6.13.2 69.00 NOTE
r-oldrel-macos-x86_64 6.13.2 202.00 NOTE
r-oldrel-windows-x86_64 6.13.2 9.00 168.00 177.00 NOTE

Check Details

Version: 6.13.2
Check: package dependencies
Result: NOTE Packages suggested but not available for checking: 'lpjmlkit', 'quitte' Flavors: r-devel-linux-x86_64-debian-clang, r-devel-linux-x86_64-debian-gcc, r-devel-linux-x86_64-fedora-clang, r-devel-linux-x86_64-fedora-gcc, r-patched-linux-x86_64, r-release-linux-x86_64, r-release-macos-arm64, r-release-macos-x86_64, r-oldrel-windows-x86_64

Version: 6.13.2
Check: Rd cross-references
Result: NOTE Undeclared packages ‘rlang’, ‘vctrs’ in Rd xrefs Flavor: r-devel-linux-x86_64-fedora-clang

Version: 6.13.2
Check: package dependencies
Result: NOTE Package suggested but not available for checking: 'quitte' Flavors: r-devel-windows-x86_64, r-release-windows-x86_64, r-oldrel-macos-arm64, r-oldrel-macos-x86_64