CRAN Package Check Results for Package maddison

Last updated on 2020-05-29 07:54:00 CEST.

Flavor Version Tinstall Tcheck Ttotal Status Flags
r-devel-linux-x86_64-debian-clang 0.1 2.14 21.77 23.91 NOTE
r-devel-linux-x86_64-debian-gcc 0.1 1.83 17.39 19.22 NOTE
r-devel-linux-x86_64-fedora-clang 0.1 30.57 OK
r-devel-linux-x86_64-fedora-gcc 0.1 29.20 OK
r-devel-windows-ix86+x86_64 0.1 8.00 51.00 59.00 NOTE
r-patched-linux-x86_64 0.1 2.09 21.72 23.81 NOTE
r-patched-solaris-x86 0.1 48.50 OK
r-release-linux-x86_64 0.1 2.08 21.55 23.63 NOTE
r-release-osx-x86_64 0.1 OK
r-release-windows-ix86+x86_64 0.1 6.00 105.00 111.00 NOTE
r-oldrel-osx-x86_64 0.1 OK
r-oldrel-windows-ix86+x86_64 0.1 7.00 35.00 42.00 OK

Check Details

Version: 0.1
Check: package vignettes
Result: NOTE
    Package vignette with placeholder title 'Vignette Title':
     'maddison_project_database.Rmd'
Flavors: r-devel-linux-x86_64-debian-clang, r-devel-linux-x86_64-debian-gcc, r-devel-windows-ix86+x86_64, r-patched-linux-x86_64, r-release-linux-x86_64, r-release-windows-ix86+x86_64