CRAN Package Check Results for Package mMPA

Last updated on 2023-02-08 18:51:25 CET.

Flavor Version Tinstall Tcheck Ttotal Status Flags
r-devel-linux-x86_64-debian-clang 1.2.0 2.00 23.76 25.76 NOTE
r-devel-linux-x86_64-debian-gcc 1.2.0 1.50 18.88 20.38 NOTE
r-devel-linux-x86_64-fedora-clang 1.2.0 33.86 NOTE
r-devel-linux-x86_64-fedora-gcc 1.2.0 45.76 NOTE
r-devel-windows-x86_64 1.2.0 12.00 57.00 69.00 NOTE
r-patched-linux-x86_64 1.2.0 2.20 24.81 27.01 NOTE
r-release-linux-x86_64 1.2.0 1.92 24.62 26.54 NOTE
r-release-macos-arm64 1.2.0 17.00 NOTE
r-release-macos-x86_64 1.2.0 21.00 NOTE
r-release-windows-x86_64 1.2.0 13.00 62.00 75.00 NOTE
r-oldrel-macos-arm64 1.2.0 18.00 NOTE
r-oldrel-macos-x86_64 1.2.0 26.00 NOTE
r-oldrel-windows-ix86+x86_64 1.2.0 6.00 51.00 57.00 NOTE

Check Details

Version: 1.2.0
Check: LazyData
Result: NOTE
     'LazyData' is specified without a 'data' directory
Flavors: r-devel-linux-x86_64-debian-clang, r-devel-linux-x86_64-debian-gcc, r-devel-linux-x86_64-fedora-clang, r-devel-linux-x86_64-fedora-gcc, r-devel-windows-x86_64, r-patched-linux-x86_64, r-release-linux-x86_64, r-release-macos-arm64, r-release-macos-x86_64, r-release-windows-x86_64, r-oldrel-macos-arm64, r-oldrel-macos-x86_64, r-oldrel-windows-ix86+x86_64