CRAN Package Check Results for Package mMPA

Last updated on 2023-09-27 21:01:28 CEST.

Flavor Version Tinstall Tcheck Ttotal Status Flags
r-devel-linux-x86_64-debian-clang 1.2.0 1.85 23.98 25.83 NOTE
r-devel-linux-x86_64-debian-gcc 1.2.0 1.60 18.88 20.48 NOTE
r-devel-linux-x86_64-fedora-clang 1.2.0 33.07 NOTE
r-devel-linux-x86_64-fedora-gcc 1.2.0 43.54 NOTE
r-devel-windows-x86_64 1.2.0 5.00 49.00 54.00 NOTE
r-patched-linux-x86_64 1.2.0 1.71 23.42 25.13 NOTE
r-release-linux-x86_64 1.2.0 2.16 23.14 25.30 NOTE
r-release-macos-arm64 1.2.0 20.00 NOTE
r-release-macos-x86_64 1.2.0 30.00 NOTE
r-release-windows-x86_64 1.2.0 3.00 42.00 45.00 NOTE
r-oldrel-macos-arm64 1.2.0 18.00 NOTE
r-oldrel-macos-x86_64 1.2.0 21.00 NOTE
r-oldrel-windows-x86_64 1.2.0 4.00 44.00 48.00 NOTE

Check Details

Version: 1.2.0
Check: LazyData
Result: NOTE
     'LazyData' is specified without a 'data' directory
Flavors: r-devel-linux-x86_64-debian-clang, r-devel-linux-x86_64-debian-gcc, r-devel-linux-x86_64-fedora-clang, r-devel-linux-x86_64-fedora-gcc, r-devel-windows-x86_64, r-patched-linux-x86_64, r-release-linux-x86_64, r-release-macos-arm64, r-release-macos-x86_64, r-release-windows-x86_64, r-oldrel-macos-arm64, r-oldrel-macos-x86_64, r-oldrel-windows-x86_64