CRAN Package Check Results for Package m2b

Last updated on 2022-08-08 12:54:59 CEST.

Flavor Version Tinstall Tcheck Ttotal Status Flags
r-devel-linux-x86_64-debian-clang 1.0 6.93 111.35 118.28 OK
r-devel-linux-x86_64-debian-gcc 1.0 4.94 82.84 87.78 OK
r-devel-linux-x86_64-fedora-clang 1.0 149.27 NOTE
r-devel-linux-x86_64-fedora-gcc 1.0 152.33 NOTE
r-devel-windows-x86_64 1.0 16.00 156.00 172.00 OK
r-patched-linux-x86_64 1.0 10.58 104.36 114.94 OK
r-release-linux-x86_64 1.0 OK
r-release-macos-arm64 1.0 54.00 NOTE
r-release-macos-x86_64 1.0 89.00 NOTE
r-release-windows-x86_64 1.0 17.00 159.00 176.00 OK
r-oldrel-macos-arm64 1.0 45.00 NOTE
r-oldrel-macos-x86_64 1.0 66.00 NOTE
r-oldrel-windows-ix86+x86_64 1.0 18.00 125.00 143.00 OK

Check Details

Version: 1.0
Check: dependencies in R code
Result: NOTE
    Namespaces in Imports field not imported from:
     ‘e1071’ ‘utils’
     All declared Imports should be used.
Flavors: r-devel-linux-x86_64-fedora-clang, r-devel-linux-x86_64-fedora-gcc, r-release-macos-arm64, r-release-macos-x86_64, r-oldrel-macos-arm64, r-oldrel-macos-x86_64