CRAN Package Check Results for Package lutz

Last updated on 2022-10-05 06:51:25 CEST.

Flavor Version Tinstall Tcheck Ttotal Status Flags
r-devel-linux-x86_64-debian-clang 0.3.1 30.63 92.94 123.57 NOTE
r-devel-linux-x86_64-debian-gcc 0.3.1 20.35 70.89 91.24 NOTE
r-devel-linux-x86_64-fedora-clang 0.3.1 168.53 NOTE
r-devel-linux-x86_64-fedora-gcc 0.3.1 158.06 NOTE
r-devel-windows-x86_64 0.3.1 32.00 157.00 189.00 NOTE
r-patched-linux-x86_64 0.3.1 24.90 89.86 114.76 NOTE
r-release-linux-x86_64 0.3.1 22.04 90.40 112.44 NOTE
r-release-macos-arm64 0.3.1 50.00 NOTE
r-release-macos-x86_64 0.3.1 78.00 NOTE
r-release-windows-x86_64 0.3.1 33.00 161.00 194.00 NOTE
r-oldrel-macos-arm64 0.3.1 57.00 NOTE
r-oldrel-macos-x86_64 0.3.1 65.00 NOTE
r-oldrel-windows-ix86+x86_64 0.3.1 58.00 229.00 287.00 NOTE

Check Details

Version: 0.3.1
Check: LazyData
Result: NOTE
     'LazyData' is specified without a 'data' directory
Flavors: r-devel-linux-x86_64-debian-clang, r-devel-linux-x86_64-debian-gcc, r-devel-linux-x86_64-fedora-clang, r-devel-linux-x86_64-fedora-gcc, r-devel-windows-x86_64, r-patched-linux-x86_64, r-release-linux-x86_64, r-release-macos-arm64, r-release-macos-x86_64, r-release-windows-x86_64, r-oldrel-macos-arm64, r-oldrel-macos-x86_64, r-oldrel-windows-ix86+x86_64

Version: 0.3.1
Check: installed package size
Result: NOTE
     installed size is 5.3Mb
     sub-directories of 1Mb or more:
     R 4.0Mb
     libs 1.1Mb
Flavors: r-devel-windows-x86_64, r-release-macos-arm64, r-release-macos-x86_64, r-release-windows-x86_64, r-oldrel-macos-arm64, r-oldrel-macos-x86_64, r-oldrel-windows-ix86+x86_64