CRAN Package Check Results for Package ltsspca

Last updated on 2020-05-27 07:51:00 CEST.

Flavor Version Tinstall Tcheck Ttotal Status Flags
r-devel-linux-x86_64-debian-clang 0.1.0 87.20 152.97 240.17 OK
r-devel-linux-x86_64-debian-gcc 0.1.0 68.98 115.32 184.30 OK
r-devel-linux-x86_64-fedora-clang 0.1.0 331.66 NOTE
r-devel-linux-x86_64-fedora-gcc 0.1.0 304.74 OK
r-devel-windows-ix86+x86_64 0.1.0 218.00 194.00 412.00 OK
r-patched-linux-x86_64 0.1.0 75.22 152.85 228.07 OK
r-patched-solaris-x86 0.1.0 399.60 OK
r-release-linux-x86_64 0.1.0 74.58 154.94 229.52 OK
r-release-osx-x86_64 0.1.0 OK
r-release-windows-ix86+x86_64 0.1.0 167.00 261.00 428.00 OK
r-oldrel-osx-x86_64 0.1.0 OK
r-oldrel-windows-ix86+x86_64 0.1.0 202.00 200.00 402.00 OK

Check Details

Version: 0.1.0
Check: installed package size
Result: NOTE
     installed size is 6.3Mb
     sub-directories of 1Mb or more:
     libs 5.9Mb
Flavor: r-devel-linux-x86_64-fedora-clang