Last updated on 2022-08-19 00:54:38 CEST.
Flavor | Version | Tinstall | Tcheck | Ttotal | Status | Flags |
---|---|---|---|---|---|---|
r-devel-linux-x86_64-debian-clang | 1.1 | 8.80 | 83.95 | 92.75 | NOTE | |
r-devel-linux-x86_64-debian-gcc | 1.1 | 7.44 | 64.78 | 72.22 | NOTE | |
r-devel-linux-x86_64-fedora-clang | 1.1 | 120.32 | NOTE | |||
r-devel-linux-x86_64-fedora-gcc | 1.1 | 122.47 | NOTE | |||
r-devel-windows-x86_64 | 1.1 | 11.00 | 104.00 | 115.00 | NOTE | |
r-patched-linux-x86_64 | 1.1 | 7.93 | 77.94 | 85.87 | NOTE | |
r-release-linux-x86_64 | 1.1 | NOTE | ||||
r-release-macos-arm64 | 1.1 | 52.00 | NOTE | |||
r-release-macos-x86_64 | 1.1 | 51.00 | NOTE | |||
r-release-windows-x86_64 | 1.1 | 10.00 | 111.00 | 121.00 | NOTE | |
r-oldrel-macos-arm64 | 1.1 | 50.00 | NOTE | |||
r-oldrel-macos-x86_64 | 1.1 | 54.00 | NOTE | |||
r-oldrel-windows-ix86+x86_64 | 1.1 | 19.00 | 101.00 | 120.00 | NOTE |
Version: 1.1
Check: LazyData
Result: NOTE
'LazyData' is specified without a 'data' directory
Flavors: r-devel-linux-x86_64-debian-clang, r-devel-linux-x86_64-debian-gcc, r-devel-linux-x86_64-fedora-clang, r-devel-linux-x86_64-fedora-gcc, r-devel-windows-x86_64, r-patched-linux-x86_64, r-release-linux-x86_64, r-release-macos-arm64, r-release-macos-x86_64, r-release-windows-x86_64, r-oldrel-macos-arm64, r-oldrel-macos-x86_64, r-oldrel-windows-ix86+x86_64