CRAN Package Check Results for Package lss2

Last updated on 2023-12-05 00:52:08 CET.

Flavor Version Tinstall Tcheck Ttotal Status Flags
r-devel-linux-x86_64-debian-clang 1.1 6.60 78.29 84.89 NOTE
r-devel-linux-x86_64-debian-gcc 1.1 7.44 61.05 68.49 NOTE
r-devel-linux-x86_64-fedora-clang 1.1 111.57 NOTE
r-devel-linux-x86_64-fedora-gcc 1.1 106.01 NOTE
r-devel-windows-x86_64 1.1 7.00 83.00 90.00 NOTE
r-patched-linux-x86_64 1.1 7.46 77.63 85.09 NOTE
r-release-linux-x86_64 1.1 8.36 77.70 86.06 NOTE
r-release-macos-arm64 1.1 39.00 NOTE
r-release-macos-x86_64 1.1 63.00 NOTE
r-release-windows-x86_64 1.1 10.00 91.00 101.00 NOTE
r-oldrel-macos-arm64 1.1 52.00 NOTE
r-oldrel-macos-x86_64 1.1 51.00 NOTE
r-oldrel-windows-x86_64 1.1 10.00 96.00 106.00 NOTE

Check Details

Version: 1.1
Check: LazyData
Result: NOTE 'LazyData' is specified without a 'data' directory Flavors: r-devel-linux-x86_64-debian-clang, r-devel-linux-x86_64-debian-gcc, r-devel-linux-x86_64-fedora-clang, r-devel-linux-x86_64-fedora-gcc, r-devel-windows-x86_64, r-patched-linux-x86_64, r-release-linux-x86_64, r-release-macos-arm64, r-release-macos-x86_64, r-release-windows-x86_64, r-oldrel-macos-arm64, r-oldrel-macos-x86_64, r-oldrel-windows-x86_64