CRAN Package Check Results for Package lspline

Last updated on 2020-08-05 13:49:27 CEST.

Flavor Version Tinstall Tcheck Ttotal Status Flags
r-devel-linux-x86_64-debian-clang 1.0-0 1.66 28.02 29.68 OK
r-devel-linux-x86_64-debian-gcc 1.0-0 1.32 21.96 23.28 OK
r-devel-linux-x86_64-fedora-clang 1.0-0 44.09 OK
r-devel-linux-x86_64-fedora-gcc 1.0-0 36.14 OK
r-devel-windows-ix86+x86_64 1.0-0 7.00 44.00 51.00 OK
r-patched-linux-x86_64 1.0-0 1.59 27.62 29.21 OK
r-patched-solaris-x86 1.0-0 46.10 WARN
r-release-linux-x86_64 1.0-0 1.86 27.69 29.55 OK
r-release-macos-x86_64 1.0-0 WARN
r-release-windows-ix86+x86_64 1.0-0 8.00 52.00 60.00 OK
r-oldrel-macos-x86_64 1.0-0 WARN
r-oldrel-windows-ix86+x86_64 1.0-0 4.00 37.00 41.00 OK

Check Details

Version: 1.0-0
Check: re-building of vignette outputs
Result: WARN
    Error(s) in re-building vignettes:
     ...
    --- re-building ‘lspline.Rmd’ using rmarkdown
    Warning in engine$weave(file, quiet = quiet, encoding = enc) :
     Pandoc (>= 1.12.3) and/or pandoc-citeproc not available. Falling back to R Markdown v1.
    Quitting from lines 18-23 (lspline.Rmd)
    Error: processing vignette 'lspline.Rmd' failed with diagnostics:
    object 'params' not found
    --- failed re-building ‘lspline.Rmd’
    
    SUMMARY: processing the following file failed:
     ‘lspline.Rmd’
    
    Error: Vignette re-building failed.
    Execution halted
Flavors: r-patched-solaris-x86, r-release-macos-x86_64, r-oldrel-macos-x86_64