Last updated on 2023-02-08 06:56:30 CET.
Flavor | Version | Tinstall | Tcheck | Ttotal | Status | Flags |
---|---|---|---|---|---|---|
r-devel-linux-x86_64-debian-clang | 0.2.2 | 140.11 | 222.28 | 362.39 | NOTE | |
r-devel-linux-x86_64-debian-gcc | 0.2.2 | 107.63 | 157.85 | 265.48 | NOTE | |
r-devel-linux-x86_64-fedora-clang | 0.2.2 | 477.76 | NOTE | |||
r-devel-linux-x86_64-fedora-gcc | 0.2.2 | 468.04 | NOTE | |||
r-devel-windows-x86_64 | 0.2.2 | 128.00 | 400.00 | 528.00 | NOTE | |
r-patched-linux-x86_64 | 0.2.2 | 118.10 | 205.09 | 323.19 | OK | |
r-release-linux-x86_64 | 0.2.2 | 114.08 | 202.83 | 316.91 | OK | |
r-release-macos-arm64 | 0.2.2 | 193.00 | NOTE | |||
r-release-macos-x86_64 | 0.2.2 | 230.00 | NOTE | |||
r-release-windows-x86_64 | 0.2.2 | 199.00 | 422.00 | 621.00 | OK | |
r-oldrel-macos-arm64 | 0.2.2 | 183.00 | NOTE | |||
r-oldrel-macos-x86_64 | 0.2.2 | 218.00 | NOTE | |||
r-oldrel-windows-ix86+x86_64 | 0.2.2 | 328.00 | 587.00 | 915.00 | OK |
Version: 0.2.2
Check: C++ specification
Result: NOTE
Specified C++11: please update to current default of C++17
Flavors: r-devel-linux-x86_64-debian-clang, r-devel-windows-x86_64
Version: 0.2.2
Check: C++ specification
Result: NOTE
Specified C++11: please drop specification unless essential
Flavors: r-devel-linux-x86_64-debian-gcc, r-devel-linux-x86_64-fedora-clang, r-devel-linux-x86_64-fedora-gcc
Version: 0.2.2
Check: installed package size
Result: NOTE
installed size is 5.5Mb
sub-directories of 1Mb or more:
libs 3.9Mb
Flavors: r-release-macos-arm64, r-release-macos-x86_64, r-oldrel-macos-arm64, r-oldrel-macos-x86_64