CRAN Package Check Results for Package lpbrim

Last updated on 2022-08-12 12:56:12 CEST.

Flavor Version Tinstall Tcheck Ttotal Status Flags
r-devel-linux-x86_64-debian-clang 1.0.0 2.71 24.94 27.65 NOTE
r-devel-linux-x86_64-debian-gcc 1.0.0 1.97 19.41 21.38 NOTE
r-devel-linux-x86_64-fedora-clang 1.0.0 44.45 NOTE
r-devel-linux-x86_64-fedora-gcc 1.0.0 44.14 NOTE
r-devel-windows-x86_64 1.0.0 10.00 49.00 59.00 NOTE
r-patched-linux-x86_64 1.0.0 2.58 24.76 27.34 NOTE
r-release-linux-x86_64 1.0.0 2.35 24.50 26.85 NOTE
r-release-macos-arm64 1.0.0 16.00 NOTE
r-release-macos-x86_64 1.0.0 20.00 NOTE
r-release-windows-x86_64 1.0.0 8.00 49.00 57.00 NOTE
r-oldrel-macos-arm64 1.0.0 22.00 NOTE
r-oldrel-macos-x86_64 1.0.0 28.00 NOTE
r-oldrel-windows-ix86+x86_64 1.0.0 5.00 42.00 47.00 NOTE

Check Details

Version: 1.0.0
Check: DESCRIPTION meta-information
Result: NOTE
    Checking should be performed on sources prepared by 'R CMD build'.
Flavors: r-devel-linux-x86_64-debian-clang, r-devel-linux-x86_64-debian-gcc, r-devel-linux-x86_64-fedora-clang, r-devel-linux-x86_64-fedora-gcc, r-devel-windows-x86_64, r-patched-linux-x86_64, r-release-linux-x86_64, r-release-macos-arm64, r-release-macos-x86_64, r-release-windows-x86_64, r-oldrel-macos-arm64, r-oldrel-macos-x86_64, r-oldrel-windows-ix86+x86_64

Version: 1.0.0
Check: package dependencies
Result: NOTE
    Package suggested but not available for checking: 'doMC'
Flavors: r-devel-windows-x86_64, r-release-windows-x86_64, r-oldrel-windows-ix86+x86_64