CRAN Package Check Results for Package lowmemtkmeans

Last updated on 2022-09-28 00:52:45 CEST.

Flavor Version Tinstall Tcheck Ttotal Status Flags
r-devel-linux-x86_64-debian-clang 0.1.2 28.76 30.36 59.12 NOTE
r-devel-linux-x86_64-debian-gcc 0.1.2 27.82 23.83 51.65 NOTE
r-devel-linux-x86_64-fedora-clang 0.1.2 103.92 NOTE
r-devel-linux-x86_64-fedora-gcc 0.1.2 97.90 NOTE
r-devel-windows-x86_64 0.1.2 37.00 76.00 113.00 NOTE
r-patched-linux-x86_64 0.1.2 34.29 29.99 64.28 NOTE
r-release-linux-x86_64 0.1.2 27.85 29.17 57.02 NOTE
r-release-macos-arm64 0.1.2 24.00 NOTE
r-release-macos-x86_64 0.1.2 37.00 NOTE
r-release-windows-x86_64 0.1.2 42.00 81.00 123.00 NOTE
r-oldrel-macos-arm64 0.1.2 27.00 NOTE
r-oldrel-macos-x86_64 0.1.2 47.00 NOTE
r-oldrel-windows-ix86+x86_64 0.1.2 88.00 83.00 171.00 NOTE

Check Details

Version: 0.1.2
Check: LazyData
Result: NOTE
     'LazyData' is specified without a 'data' directory
Flavors: r-devel-linux-x86_64-debian-clang, r-devel-linux-x86_64-debian-gcc, r-devel-linux-x86_64-fedora-clang, r-devel-linux-x86_64-fedora-gcc, r-devel-windows-x86_64, r-patched-linux-x86_64, r-release-linux-x86_64, r-release-macos-arm64, r-release-macos-x86_64, r-release-windows-x86_64, r-oldrel-macos-arm64, r-oldrel-macos-x86_64, r-oldrel-windows-ix86+x86_64

Version: 0.1.2
Check: compiled code
Result: NOTE
    File ‘lowmemtkmeans/libs/lowmemtkmeans.so’:
     Found no calls to: ‘R_registerRoutines’, ‘R_useDynamicSymbols’
    
    It is good practice to register native routines and to disable symbol
    search.
    
    See ‘Writing portable packages’ in the ‘Writing R Extensions’ manual.
Flavors: r-devel-linux-x86_64-fedora-clang, r-devel-linux-x86_64-fedora-gcc