CRAN Package Check Results for Package longurl

Last updated on 2022-09-29 06:54:25 CEST.

Flavor Version Tinstall Tcheck Ttotal Status Flags
r-devel-linux-x86_64-debian-clang 0.3.3 1.33 23.61 24.94 NOTE
r-devel-linux-x86_64-debian-gcc 0.3.3 1.70 18.33 20.03 NOTE
r-devel-linux-x86_64-fedora-clang 0.3.3 43.44 NOTE
r-devel-linux-x86_64-fedora-gcc 0.3.3 41.66 NOTE
r-devel-windows-x86_64 0.3.3 8.00 58.00 66.00 NOTE
r-patched-linux-x86_64 0.3.3 2.19 22.89 25.08 NOTE
r-release-linux-x86_64 0.3.3 1.82 22.50 24.32 NOTE
r-release-macos-arm64 0.3.3 34.00 NOTE
r-release-macos-x86_64 0.3.3 38.00 NOTE
r-release-windows-x86_64 0.3.3 6.00 56.00 62.00 NOTE
r-oldrel-macos-arm64 0.3.3 35.00 NOTE
r-oldrel-macos-x86_64 0.3.3 36.00 NOTE
r-oldrel-windows-ix86+x86_64 0.3.3 6.00 65.00 71.00 NOTE

Check Details

Version: 0.3.3
Check: LazyData
Result: NOTE
     'LazyData' is specified without a 'data' directory
Flavors: r-devel-linux-x86_64-debian-clang, r-devel-linux-x86_64-debian-gcc, r-devel-linux-x86_64-fedora-clang, r-devel-linux-x86_64-fedora-gcc, r-devel-windows-x86_64, r-patched-linux-x86_64, r-release-linux-x86_64, r-release-macos-arm64, r-release-macos-x86_64, r-release-windows-x86_64, r-oldrel-macos-arm64, r-oldrel-macos-x86_64, r-oldrel-windows-ix86+x86_64