CRAN Package Check Results for Package lolR

Last updated on 2020-10-29 13:48:48 CET.

Flavor Version Tinstall Tcheck Ttotal Status Flags
r-devel-linux-x86_64-debian-clang 2.1 9.60 224.12 233.72 OK
r-devel-linux-x86_64-debian-gcc 2.1 8.58 159.82 168.40 OK
r-devel-linux-x86_64-fedora-clang 2.1 273.46 NOTE
r-devel-linux-x86_64-fedora-gcc 2.1 270.57 NOTE
r-devel-windows-ix86+x86_64 2.1 23.00 258.00 281.00 OK
r-patched-linux-x86_64 2.1 9.56 205.91 215.47 OK
r-patched-solaris-x86 2.1 360.30 NOTE
r-release-linux-x86_64 2.1 8.73 204.79 213.52 OK
r-release-macos-x86_64 2.1 NOTE
r-release-windows-ix86+x86_64 2.1 17.00 254.00 271.00 OK
r-oldrel-macos-x86_64 2.1 NOTE
r-oldrel-windows-ix86+x86_64 2.1 19.00 256.00 275.00 OK

Check Details

Version: 2.1
Check: dependencies in R code
Result: NOTE
    Namespace in Imports field not imported from: ‘ggplot2’
     All declared Imports should be used.
Flavors: r-devel-linux-x86_64-fedora-clang, r-devel-linux-x86_64-fedora-gcc, r-patched-solaris-x86, r-release-macos-x86_64, r-oldrel-macos-x86_64