CRAN Package Check Results for Package lolR

Last updated on 2022-08-13 07:11:38 CEST.

Flavor Version Tinstall Tcheck Ttotal Status Flags
r-devel-linux-x86_64-debian-clang 2.1 10.58 213.93 224.51 NOTE
r-devel-linux-x86_64-debian-gcc 2.1 9.15 152.71 161.86 NOTE
r-devel-linux-x86_64-fedora-clang 2.1 264.31 NOTE
r-devel-linux-x86_64-fedora-gcc 2.1 298.04 NOTE
r-devel-windows-x86_64 2.1 31.00 276.00 307.00 NOTE
r-patched-linux-x86_64 2.1 11.35 197.55 208.90 NOTE
r-release-linux-x86_64 2.1 8.96 197.42 206.38 NOTE
r-release-macos-arm64 2.1 98.00 NOTE
r-release-macos-x86_64 2.1 162.00 NOTE
r-release-windows-x86_64 2.1 29.00 279.00 308.00 NOTE
r-oldrel-macos-arm64 2.1 170.00 NOTE
r-oldrel-macos-x86_64 2.1 168.00 NOTE
r-oldrel-windows-ix86+x86_64 2.1 22.00 272.00 294.00 NOTE

Check Details

Version: 2.1
Check: LazyData
Result: NOTE
     'LazyData' is specified without a 'data' directory
Flavors: r-devel-linux-x86_64-debian-clang, r-devel-linux-x86_64-debian-gcc, r-devel-linux-x86_64-fedora-clang, r-devel-linux-x86_64-fedora-gcc, r-devel-windows-x86_64, r-patched-linux-x86_64, r-release-linux-x86_64, r-release-macos-arm64, r-release-macos-x86_64, r-release-windows-x86_64, r-oldrel-macos-arm64, r-oldrel-macos-x86_64, r-oldrel-windows-ix86+x86_64

Version: 2.1
Check: dependencies in R code
Result: NOTE
    Namespace in Imports field not imported from: ‘ggplot2’
     All declared Imports should be used.
Flavors: r-devel-linux-x86_64-fedora-clang, r-devel-linux-x86_64-fedora-gcc, r-release-macos-arm64, r-release-macos-x86_64, r-oldrel-macos-arm64, r-oldrel-macos-x86_64