CRAN Package Check Results for Package lokern

Last updated on 2020-05-29 07:54:00 CEST.

Flavor Version Tinstall Tcheck Ttotal Status Flags
r-devel-linux-x86_64-debian-clang 1.1-8 4.36 27.31 31.67 OK
r-devel-linux-x86_64-debian-gcc 1.1-8 3.73 21.82 25.55 OK
r-devel-linux-x86_64-fedora-clang 1.1-8 39.76 NOTE
r-devel-linux-x86_64-fedora-gcc 1.1-8 39.28 NOTE
r-devel-windows-ix86+x86_64 1.1-8 18.00 70.00 88.00 OK
r-patched-linux-x86_64 1.1-8 4.62 27.34 31.96 OK
r-patched-solaris-x86 1.1-8 55.00 OK --no-tests
r-release-linux-x86_64 1.1-8 4.65 27.27 31.92 OK
r-release-osx-x86_64 1.1-8 OK
r-release-windows-ix86+x86_64 1.1-8 15.00 63.00 78.00 OK
r-oldrel-osx-x86_64 1.1-8 OK
r-oldrel-windows-ix86+x86_64 1.1-8 19.00 52.00 71.00 OK

Additional issues

LTO valgrind

Check Details

Version: 1.1-8
Check: compiled code
Result: NOTE
    File ‘lokern/libs/lokern.so’:
     Found no calls to: ‘R_registerRoutines’, ‘R_useDynamicSymbols’
    
    It is good practice to register native routines and to disable symbol
    search.
    
    See ‘Writing portable packages’ in the ‘Writing R Extensions’ manual.
Flavors: r-devel-linux-x86_64-fedora-clang, r-devel-linux-x86_64-fedora-gcc