CRAN Package Check Results for Package lmviz

Last updated on 2022-06-26 00:51:40 CEST.

Flavor Version Tinstall Tcheck Ttotal Status Flags
r-devel-linux-x86_64-debian-clang 0.2.0 9.64 89.49 99.13 NOTE
r-devel-linux-x86_64-debian-gcc 0.2.0 9.08 69.91 78.99 NOTE
r-devel-linux-x86_64-fedora-clang 0.2.0 131.08 NOTE
r-devel-linux-x86_64-fedora-gcc 0.2.0 129.82 NOTE
r-devel-windows-x86_64 0.2.0 28.00 112.00 140.00 NOTE
r-patched-linux-x86_64 0.2.0 10.77 88.38 99.15 NOTE
r-release-linux-x86_64 0.2.0 9.63 86.80 96.43 NOTE
r-release-macos-arm64 0.2.0 36.00 NOTE
r-release-macos-x86_64 0.2.0 65.00 NOTE
r-release-windows-x86_64 0.2.0 22.00 120.00 142.00 NOTE
r-oldrel-macos-arm64 0.2.0 49.00 NOTE
r-oldrel-macos-x86_64 0.2.0 71.00 NOTE
r-oldrel-windows-ix86+x86_64 0.2.0 26.00 107.00 133.00 NOTE

Check Details

Version: 0.2.0
Check: LazyData
Result: NOTE
     'LazyData' is specified without a 'data' directory
Flavors: r-devel-linux-x86_64-debian-clang, r-devel-linux-x86_64-debian-gcc, r-devel-linux-x86_64-fedora-clang, r-devel-linux-x86_64-fedora-gcc, r-devel-windows-x86_64, r-patched-linux-x86_64, r-release-linux-x86_64, r-release-macos-arm64, r-release-macos-x86_64, r-release-windows-x86_64, r-oldrel-macos-arm64, r-oldrel-macos-x86_64, r-oldrel-windows-ix86+x86_64

Version: 0.2.0
Check: dependencies in R code
Result: NOTE
    Namespace in Imports field not imported from: ‘shinyjs’
     All declared Imports should be used.
Flavors: r-devel-linux-x86_64-fedora-clang, r-devel-linux-x86_64-fedora-gcc, r-release-macos-arm64, r-release-macos-x86_64, r-oldrel-macos-arm64, r-oldrel-macos-x86_64