CRAN Package Check Results for Package lmviz

Last updated on 2024-04-23 21:54:49 CEST.

Flavor Version Tinstall Tcheck Ttotal Status Flags
r-devel-linux-x86_64-debian-clang 0.2.0 10.71 91.49 102.20 NOTE
r-devel-linux-x86_64-debian-gcc 0.2.0 9.11 67.55 76.66 NOTE
r-devel-linux-x86_64-fedora-clang 0.2.0 123.20 NOTE
r-devel-linux-x86_64-fedora-gcc 0.2.0 117.06 NOTE
r-prerel-macos-arm64 0.2.0 35.00 NOTE
r-prerel-windows-x86_64 0.2.0 12.00 84.00 96.00 NOTE
r-patched-linux-x86_64 0.2.0 10.93 87.69 98.62 NOTE
r-release-linux-x86_64 0.2.0 7.89 86.27 94.16 NOTE
r-release-macos-arm64 0.2.0 39.00 NOTE
r-release-macos-x86_64 0.2.0 61.00 NOTE
r-release-windows-x86_64 0.2.0 14.00 98.00 112.00 NOTE
r-oldrel-macos-arm64 0.2.0 36.00 NOTE
r-oldrel-windows-x86_64 0.2.0 14.00 104.00 118.00 NOTE

Check Details

Version: 0.2.0
Check: LazyData
Result: NOTE 'LazyData' is specified without a 'data' directory Flavors: r-devel-linux-x86_64-debian-clang, r-devel-linux-x86_64-debian-gcc, r-devel-linux-x86_64-fedora-clang, r-devel-linux-x86_64-fedora-gcc, r-prerel-macos-arm64, r-prerel-windows-x86_64, r-patched-linux-x86_64, r-release-linux-x86_64, r-release-macos-arm64, r-release-macos-x86_64, r-release-windows-x86_64, r-oldrel-macos-arm64, r-oldrel-windows-x86_64

Version: 0.2.0
Check: dependencies in R code
Result: NOTE Namespace in Imports field not imported from: ‘shinyjs’ All declared Imports should be used. Flavors: r-devel-linux-x86_64-fedora-clang, r-devel-linux-x86_64-fedora-gcc, r-oldrel-macos-arm64