CRAN Package Check Results for Package lmQCM

Last updated on 2022-09-26 06:51:15 CEST.

Flavor Version Tinstall Tcheck Ttotal Status Flags
r-devel-linux-x86_64-debian-clang 0.2.3 28.73 248.30 277.03 NOTE
r-devel-linux-x86_64-debian-gcc 0.2.3 23.94 186.37 210.31 NOTE
r-devel-linux-x86_64-fedora-clang 0.2.3 338.27 NOTE
r-devel-linux-x86_64-fedora-gcc 0.2.3 328.53 NOTE
r-devel-windows-x86_64 0.2.3 26.00 242.00 268.00 NOTE
r-patched-linux-x86_64 0.2.3 25.94 231.18 257.12 NOTE
r-release-linux-x86_64 0.2.3 27.15 235.57 262.72 NOTE
r-release-macos-arm64 0.2.3 86.00 NOTE
r-release-macos-x86_64 0.2.3 116.00 NOTE
r-release-windows-x86_64 0.2.3 6.00 7.00 13.00 ERROR
r-oldrel-macos-arm64 0.2.3 106.00 NOTE
r-oldrel-macos-x86_64 0.2.3 118.00 NOTE
r-oldrel-windows-ix86+x86_64 0.2.3 59.00 233.00 292.00 NOTE

Check Details

Version: 0.2.3
Check: LazyData
Result: NOTE
     'LazyData' is specified without a 'data' directory
Flavors: r-devel-linux-x86_64-debian-clang, r-devel-linux-x86_64-debian-gcc, r-devel-linux-x86_64-fedora-clang, r-devel-linux-x86_64-fedora-gcc, r-devel-windows-x86_64, r-patched-linux-x86_64, r-release-linux-x86_64, r-release-macos-arm64, r-release-macos-x86_64, r-oldrel-macos-arm64, r-oldrel-macos-x86_64, r-oldrel-windows-ix86+x86_64

Version: 0.2.3
Check: whether package can be installed
Result: ERROR
    Installation failed.
Flavor: r-release-windows-x86_64