Last updated on 2023-09-26 13:08:35 CEST.
Flavor | Version | Tinstall | Tcheck | Ttotal | Status | Flags |
---|---|---|---|---|---|---|
r-devel-linux-x86_64-debian-clang | 0.2.4 | 24.10 | 273.82 | 297.92 | OK | |
r-devel-linux-x86_64-debian-gcc | 0.2.4 | 23.01 | 196.35 | 219.36 | OK | |
r-devel-linux-x86_64-fedora-clang | 0.2.4 | 354.79 | OK | |||
r-devel-linux-x86_64-fedora-gcc | 0.2.4 | 347.70 | OK | |||
r-devel-windows-x86_64 | 0.2.4 | 4.00 | 4.00 | 8.00 | ERROR | |
r-patched-linux-x86_64 | 0.2.4 | 26.10 | 249.71 | 275.81 | OK | |
r-release-linux-x86_64 | 0.2.4 | 24.57 | 252.67 | 277.24 | OK | |
r-release-macos-arm64 | 0.2.4 | 96.00 | OK | |||
r-release-macos-x86_64 | 0.2.4 | 178.00 | OK | |||
r-release-windows-x86_64 | 0.2.4 | 29.00 | 228.00 | 257.00 | OK | |
r-oldrel-macos-arm64 | 0.2.4 | 94.00 | OK | |||
r-oldrel-macos-x86_64 | 0.2.4 | 117.00 | OK | |||
r-oldrel-windows-x86_64 | 0.2.4 | 30.00 | 213.00 | 243.00 | OK |
Version: 0.2.4
Check: whether package can be installed
Result: ERROR
Installation failed.
Flavor: r-devel-windows-x86_64