Last updated on 2025-01-18 00:48:34 CET.
Flavor | Version | Tinstall | Tcheck | Ttotal | Status | Flags |
---|---|---|---|---|---|---|
r-devel-linux-x86_64-debian-clang | 0.1.1 | 56.42 | 27.62 | 84.04 | OK | |
r-devel-linux-x86_64-debian-gcc | 0.1.1 | 52.10 | 21.33 | 73.43 | OK | |
r-devel-linux-x86_64-fedora-clang | 0.1.1 | 143.77 | OK | |||
r-devel-linux-x86_64-fedora-gcc | 0.1.1 | 191.88 | OK | |||
r-devel-windows-x86_64 | 0.1.1 | 62.00 | 72.00 | 134.00 | OK | |
r-patched-linux-x86_64 | 0.1.1 | 69.00 | 26.35 | 95.35 | OK | |
r-release-linux-x86_64 | 0.1.1 | 67.67 | 26.49 | 94.16 | OK | |
r-release-macos-arm64 | 0.1.1 | 48.00 | NOTE | |||
r-release-macos-x86_64 | 0.1.1 | 62.00 | NOTE | |||
r-release-windows-x86_64 | 0.1.1 | 63.00 | 73.00 | 136.00 | OK | |
r-oldrel-macos-arm64 | 0.1.1 | 43.00 | NOTE | |||
r-oldrel-macos-x86_64 | 0.1.1 | 75.00 | NOTE | |||
r-oldrel-windows-x86_64 | 0.1.1 | 60.00 | 79.00 | 139.00 | OK |
Version: 0.1.1
Check: installed package size
Result: NOTE
installed size is 10.4Mb
sub-directories of 1Mb or more:
libs 10.3Mb
Flavors: r-release-macos-arm64, r-release-macos-x86_64, r-oldrel-macos-arm64, r-oldrel-macos-x86_64