CRAN Package Check Results for Package listarrays

Last updated on 2024-06-14 12:57:42 CEST.

Flavor Version Tinstall Tcheck Ttotal Status Flags
r-devel-linux-x86_64-debian-clang 0.4.0 3.14 35.11 38.25 OK
r-devel-linux-x86_64-debian-gcc 0.4.0 1.87 27.28 29.15 OK
r-devel-linux-x86_64-fedora-clang 0.4.0 48.97 NOTE
r-devel-linux-x86_64-fedora-gcc 0.4.0 45.67 OK
r-devel-windows-x86_64 0.4.0 4.00 50.00 54.00 OK
r-patched-linux-x86_64 0.4.0 2.66 34.88 37.54 OK
r-release-linux-x86_64 0.4.0 2.92 33.82 36.74 OK
r-release-macos-arm64 0.4.0 20.00 OK
r-release-macos-x86_64 0.4.0 26.00 OK
r-release-windows-x86_64 0.4.0 4.00 49.00 53.00 OK
r-oldrel-macos-arm64 0.4.0 26.00 OK
r-oldrel-macos-x86_64 0.4.0 45.00 OK
r-oldrel-windows-x86_64 0.4.0 4.00 53.00 57.00 OK

Check Details

Version: 0.4.0
Check: Rd cross-references
Result: NOTE Undeclared package ‘keras’ in Rd xrefs Flavor: r-devel-linux-x86_64-fedora-clang