CRAN Package Check Results for Package linne

Last updated on 2022-08-11 00:50:57 CEST.

Flavor Version Tinstall Tcheck Ttotal Status Flags
r-devel-linux-x86_64-debian-clang 0.0.2 4.51 50.02 54.53 NOTE
r-devel-linux-x86_64-debian-gcc 0.0.2 3.49 38.27 41.76 NOTE
r-devel-linux-x86_64-fedora-clang 0.0.2 76.30 NOTE
r-devel-linux-x86_64-fedora-gcc 0.0.2 74.45 NOTE
r-devel-windows-x86_64 0.0.2 21.00 92.00 113.00 NOTE
r-patched-linux-x86_64 0.0.2 4.34 47.97 52.31 NOTE
r-release-linux-x86_64 0.0.2 NOTE
r-release-macos-arm64 0.0.2 26.00 NOTE
r-release-macos-x86_64 0.0.2 50.00 NOTE
r-release-windows-x86_64 0.0.2 9.00 97.00 106.00 NOTE
r-oldrel-macos-arm64 0.0.2 31.00 NOTE
r-oldrel-macos-x86_64 0.0.2 46.00 NOTE
r-oldrel-windows-ix86+x86_64 0.0.2 13.00 84.00 97.00 NOTE

Check Details

Version: 0.0.2
Check: LazyData
Result: NOTE
     'LazyData' is specified without a 'data' directory
Flavors: r-devel-linux-x86_64-debian-clang, r-devel-linux-x86_64-debian-gcc, r-devel-linux-x86_64-fedora-clang, r-devel-linux-x86_64-fedora-gcc, r-devel-windows-x86_64, r-patched-linux-x86_64, r-release-linux-x86_64, r-release-macos-arm64, r-release-macos-x86_64, r-release-windows-x86_64, r-oldrel-macos-arm64, r-oldrel-macos-x86_64, r-oldrel-windows-ix86+x86_64

Version: 0.0.2
Check: dependencies in R code
Result: NOTE
    Namespace in Imports field not imported from: ‘R6’
     All declared Imports should be used.
Flavors: r-devel-linux-x86_64-fedora-clang, r-devel-linux-x86_64-fedora-gcc, r-release-macos-arm64, r-release-macos-x86_64, r-oldrel-macos-arm64, r-oldrel-macos-x86_64