Last updated on 2021-01-23 07:55:11 CET.
Flavor | Version | Tinstall | Tcheck | Ttotal | Status | Flags |
---|---|---|---|---|---|---|
r-devel-linux-x86_64-debian-clang | 0.4-5 | 10.82 | 101.19 | 112.01 | OK | |
r-devel-linux-x86_64-debian-gcc | 0.4-5 | 8.37 | 75.30 | 83.67 | OK | |
r-devel-linux-x86_64-fedora-clang | 0.4-5 | 144.14 | NOTE | |||
r-devel-linux-x86_64-fedora-gcc | 0.4-5 | 134.22 | NOTE | |||
r-devel-windows-ix86+x86_64 | 0.4-5 | 31.00 | 92.00 | 123.00 | OK | |
r-patched-linux-x86_64 | 0.4-5 | 11.74 | 92.83 | 104.57 | OK | |
r-patched-solaris-x86 | 0.4-5 | 194.00 | NOTE | |||
r-release-linux-x86_64 | 0.4-5 | 11.61 | 93.40 | 105.01 | OK | |
r-release-macos-x86_64 | 0.4-5 | NOTE | ||||
r-release-windows-ix86+x86_64 | 0.4-5 | 36.00 | 123.00 | 159.00 | OK | |
r-oldrel-macos-x86_64 | 0.4-5 | NOTE | ||||
r-oldrel-windows-ix86+x86_64 | 0.4-5 | 20.00 | 119.00 | 139.00 | OK |
Version: 0.4-5
Check: dependencies in R code
Result: NOTE
Namespace in Imports field not imported from: ‘methods’
All declared Imports should be used.
Flavors: r-devel-linux-x86_64-fedora-clang, r-devel-linux-x86_64-fedora-gcc, r-patched-solaris-x86, r-release-macos-x86_64, r-oldrel-macos-x86_64