CRAN Package Check Results for Package lingtypology

Last updated on 2020-10-29 13:48:48 CET.

Flavor Version Tinstall Tcheck Ttotal Status Flags
r-devel-linux-x86_64-debian-clang 1.1.4 5.88 79.09 84.97 OK
r-devel-linux-x86_64-debian-gcc 1.1.4 5.07 58.13 63.20 OK
r-devel-linux-x86_64-fedora-clang 1.1.4 107.31 NOTE
r-devel-linux-x86_64-fedora-gcc 1.1.4 95.18 NOTE
r-devel-windows-ix86+x86_64 1.1.4 13.00 112.00 125.00 OK
r-patched-linux-x86_64 1.1.4 6.28 70.85 77.13 OK
r-patched-solaris-x86 1.1.4 138.30 NOTE
r-release-linux-x86_64 1.1.4 6.63 70.67 77.30 OK
r-release-macos-x86_64 1.1.4 NOTE
r-release-windows-ix86+x86_64 1.1.4 9.00 113.00 122.00 OK
r-oldrel-macos-x86_64 1.1.4 NOTE
r-oldrel-windows-ix86+x86_64 1.1.4 10.00 99.00 109.00 OK

Check Details

Version: 1.1.4
Check: Rd cross-references
Result: NOTE
    Undeclared package ‘magrittr’ in Rd xrefs
Flavor: r-devel-linux-x86_64-fedora-clang

Version: 1.1.4
Check: data for non-ASCII characters
Result: NOTE
     Note: found 1544 marked UTF-8 strings
Flavors: r-devel-linux-x86_64-fedora-clang, r-devel-linux-x86_64-fedora-gcc, r-patched-solaris-x86, r-release-macos-x86_64, r-oldrel-macos-x86_64