CRAN Package Check Results for Package lineartestr

Last updated on 2025-01-23 12:55:01 CET.

Flavor Version Tinstall Tcheck Ttotal Status Flags
r-devel-linux-x86_64-debian-clang 1.0.0 2.17 30.70 32.87 OK
r-devel-linux-x86_64-debian-gcc 1.0.0 1.68 22.84 24.52 OK
r-devel-linux-x86_64-fedora-clang 1.0.0 51.89 OK
r-devel-linux-x86_64-fedora-gcc 1.0.0 49.22 OK
r-devel-windows-x86_64 1.0.0 5.00 56.00 61.00 OK
r-patched-linux-x86_64 1.0.0 2.37 28.48 30.85 NOTE
r-release-linux-x86_64 1.0.0 2.04 28.32 30.36 NOTE
r-release-macos-arm64 1.0.0 21.00 NOTE
r-release-macos-x86_64 1.0.0 30.00 NOTE
r-release-windows-x86_64 1.0.0 4.00 58.00 62.00 NOTE
r-oldrel-macos-arm64 1.0.0 20.00 NOTE
r-oldrel-macos-x86_64 1.0.0 28.00 NOTE
r-oldrel-windows-x86_64 1.0.0 4.00 62.00 66.00 NOTE

Check Details

Version: 1.0.0
Check: LazyData
Result: NOTE 'LazyData' is specified without a 'data' directory Flavors: r-patched-linux-x86_64, r-release-linux-x86_64, r-release-macos-arm64, r-release-macos-x86_64, r-release-windows-x86_64, r-oldrel-macos-arm64, r-oldrel-macos-x86_64, r-oldrel-windows-x86_64