CRAN Package Check Results for Package likelihoodExplore

Last updated on 2022-10-04 07:49:51 CEST.

Flavor Version Tinstall Tcheck Ttotal Status Flags
r-devel-linux-x86_64-debian-clang 0.1.0 2.26 32.37 34.63 NOTE
r-devel-linux-x86_64-debian-gcc 0.1.0 2.69 25.39 28.08 NOTE
r-devel-linux-x86_64-fedora-clang 0.1.0 56.35 NOTE
r-devel-linux-x86_64-fedora-gcc 0.1.0 54.19 NOTE
r-devel-windows-x86_64 0.1.0 54.00 63.00 117.00 NOTE
r-patched-linux-x86_64 0.1.0 4.22 30.78 35.00 NOTE
r-release-linux-x86_64 0.1.0 3.56 31.29 34.85 NOTE
r-release-macos-arm64 0.1.0 20.00 NOTE
r-release-macos-x86_64 0.1.0 25.00 NOTE
r-release-windows-x86_64 0.1.0 32.00 58.00 90.00 NOTE
r-oldrel-macos-arm64 0.1.0 19.00 NOTE
r-oldrel-macos-x86_64 0.1.0 35.00 NOTE
r-oldrel-windows-ix86+x86_64 0.1.0 9.00 57.00 66.00 NOTE

Check Details

Version: 0.1.0
Check: LazyData
Result: NOTE
     'LazyData' is specified without a 'data' directory
Flavors: r-devel-linux-x86_64-debian-clang, r-devel-linux-x86_64-debian-gcc, r-devel-linux-x86_64-fedora-clang, r-devel-linux-x86_64-fedora-gcc, r-devel-windows-x86_64, r-patched-linux-x86_64, r-release-linux-x86_64, r-release-macos-arm64, r-release-macos-x86_64, r-release-windows-x86_64, r-oldrel-macos-arm64, r-oldrel-macos-x86_64, r-oldrel-windows-ix86+x86_64