CRAN Package Check Results for Package lightr

Last updated on 2022-09-30 00:49:18 CEST.

Flavor Version Tinstall Tcheck Ttotal Status Flags
r-devel-linux-x86_64-debian-clang 1.7.0 5.27 83.29 88.56 OK
r-devel-linux-x86_64-debian-gcc 1.7.0 4.02 63.89 67.91 OK
r-devel-linux-x86_64-fedora-clang 1.7.0 122.09 NOTE
r-devel-linux-x86_64-fedora-gcc 1.7.0 115.85 OK
r-devel-windows-x86_64 1.7.0 36.00 138.00 174.00 OK
r-patched-linux-x86_64 1.7.0 5.52 83.43 88.95 OK
r-release-linux-x86_64 1.7.0 5.15 81.56 86.71 OK
r-release-macos-arm64 1.7.0 44.00 OK
r-release-macos-x86_64 1.7.0 52.00 OK
r-release-windows-x86_64 1.7.0 51.00 131.00 182.00 OK
r-oldrel-macos-arm64 1.7.0 45.00 OK
r-oldrel-macos-x86_64 1.7.0 51.00 OK
r-oldrel-windows-ix86+x86_64 1.7.0 11.00 119.00 130.00 OK

Check Details

Version: 1.7.0
Check: Rd cross-references
Result: NOTE
    Undeclared package ‘future’ in Rd xrefs
Flavor: r-devel-linux-x86_64-fedora-clang