CRAN Package Check Results for Package liger

Last updated on 2022-09-27 21:53:53 CEST.

Flavor Version Tinstall Tcheck Ttotal Status Flags
r-devel-linux-x86_64-debian-clang 2.0.1 36.40 154.11 190.51 OK
r-devel-linux-x86_64-debian-gcc 2.0.1 25.08 96.98 122.06 OK
r-devel-linux-x86_64-fedora-clang 2.0.1 253.23 NOTE
r-devel-linux-x86_64-fedora-gcc 2.0.1 217.34 OK
r-devel-windows-x86_64 2.0.1 40.00 188.00 228.00 NOTE
r-patched-linux-x86_64 2.0.1 32.05 131.73 163.78 OK
r-release-linux-x86_64 2.0.1 29.18 129.71 158.89 OK
r-release-macos-arm64 2.0.1 68.00 NOTE
r-release-macos-x86_64 2.0.1 83.00 NOTE
r-release-windows-x86_64 2.0.1 39.00 193.00 232.00 NOTE
r-oldrel-macos-arm64 2.0.1 70.00 NOTE
r-oldrel-macos-x86_64 2.0.1 133.00 NOTE
r-oldrel-windows-ix86+x86_64 2.0.1 86.00 210.00 296.00 NOTE

Check Details

Version: 2.0.1
Check: installed package size
Result: NOTE
     installed size is 5.8Mb
     sub-directories of 1Mb or more:
     data 3.3Mb
     doc 2.1Mb
Flavors: r-devel-linux-x86_64-fedora-clang, r-devel-windows-x86_64, r-release-macos-arm64, r-release-macos-x86_64, r-release-windows-x86_64, r-oldrel-macos-arm64, r-oldrel-macos-x86_64, r-oldrel-windows-ix86+x86_64