CRAN Package Check Results for Package lifecontingencies

Last updated on 2020-05-30 19:47:13 CEST.

Flavor Version Tinstall Tcheck Ttotal Status Flags
r-devel-linux-x86_64-debian-clang 1.3.6 29.59 253.83 283.42 OK --no-vignettes
r-devel-linux-x86_64-debian-gcc 1.3.6 26.84 185.79 212.63 OK --no-vignettes
r-devel-linux-x86_64-fedora-clang 1.3.6 326.01 OK
r-devel-linux-x86_64-fedora-gcc 1.3.6 432.95 OK
r-devel-windows-ix86+x86_64 1.3.6 70.00 728.00 798.00 NOTE
r-patched-linux-x86_64 1.3.6 27.18 248.66 275.84 OK --no-vignettes
r-patched-solaris-x86 1.3.6 610.50 OK
r-release-linux-x86_64 1.3.6 27.47 249.24 276.71 OK --no-vignettes
r-release-osx-x86_64 1.3.6 FAIL
r-release-windows-ix86+x86_64 1.3.6 60.00 730.00 790.00 NOTE
r-oldrel-osx-x86_64 1.3.6 OK
r-oldrel-windows-ix86+x86_64 1.3.6 75.00 542.00 617.00 OK

Check Details

Version: 1.3.6
Check: installed package size
Result: NOTE
     installed size is 5.3Mb
     sub-directories of 1Mb or more:
     doc 2.1Mb
     libs 2.0Mb
Flavors: r-devel-windows-ix86+x86_64, r-release-windows-ix86+x86_64

Version: 1.3.6
Check: re-building of vignette outputs
Result: FAIL
Flavor: r-release-osx-x86_64