Last updated on 2023-09-30 00:56:09 CEST.
Flavor | Version | Tinstall | Tcheck | Ttotal | Status | Flags |
---|---|---|---|---|---|---|
r-devel-linux-x86_64-debian-clang | 4.0.4 | 170.89 | 598.24 | 769.13 | OK | |
r-devel-linux-x86_64-debian-gcc | 4.0.4 | 131.40 | 443.43 | 574.83 | OK | |
r-devel-linux-x86_64-fedora-clang | 4.0.4 | 971.35 | OK | |||
r-devel-linux-x86_64-fedora-gcc | 4.0.4 | 947.77 | OK | |||
r-devel-windows-x86_64 | 4.0.4 | 124.00 | 440.00 | 564.00 | NOTE | |
r-patched-linux-x86_64 | 4.0.4 | 123.65 | 592.85 | 716.50 | OK | |
r-release-linux-x86_64 | 4.0.4 | 135.08 | 585.34 | 720.42 | OK | |
r-release-macos-arm64 | 4.0.4 | 263.00 | NOTE | |||
r-release-macos-x86_64 | 4.0.4 | 479.00 | NOTE | |||
r-release-windows-x86_64 | 4.0.4 | 171.00 | 585.00 | 756.00 | NOTE | |
r-oldrel-macos-arm64 | 4.0.4 | 218.00 | NOTE | |||
r-oldrel-macos-x86_64 | 4.0.4 | 320.00 | NOTE | |||
r-oldrel-windows-x86_64 | 4.0.4 | 165.00 | 549.00 | 714.00 | NOTE |
Version: 4.0.4
Check: installed package size
Result: NOTE
installed size is 5.6Mb
sub-directories of 1Mb or more:
R 1.2Mb
doc 1.0Mb
extdata 1.1Mb
libs 1.7Mb
Flavors: r-devel-windows-x86_64, r-release-macos-arm64, r-release-macos-x86_64, r-release-windows-x86_64, r-oldrel-macos-arm64, r-oldrel-macos-x86_64, r-oldrel-windows-x86_64