CRAN Package Check Results for Package lidR

Last updated on 2022-10-07 00:49:25 CEST.

Flavor Version Tinstall Tcheck Ttotal Status Flags
r-devel-linux-x86_64-debian-clang 4.0.1 166.43 562.09 728.52 OK
r-devel-linux-x86_64-debian-gcc 4.0.1 134.97 403.54 538.51 OK
r-devel-linux-x86_64-fedora-clang 4.0.1 917.65 OK
r-devel-linux-x86_64-fedora-gcc 4.0.1 892.12 OK
r-devel-windows-x86_64 4.0.1 218.00 624.00 842.00 NOTE
r-patched-linux-x86_64 4.0.1 151.21 522.27 673.48 OK
r-release-linux-x86_64 4.0.1 139.54 518.30 657.84 OK
r-release-macos-arm64 4.0.1 199.00 NOTE
r-release-macos-x86_64 4.0.1 308.00 NOTE
r-release-windows-x86_64 4.0.1 309.00 610.00 919.00 NOTE
r-oldrel-macos-arm64 4.0.1 208.00 NOTE
r-oldrel-macos-x86_64 4.0.1 293.00 NOTE
r-oldrel-windows-ix86+x86_64 4.0.1 358.00 1012.00 1370.00 NOTE

Additional issues

clang-UBSAN

Check Details

Version: 4.0.1
Check: installed package size
Result: NOTE
     installed size is 5.6Mb
     sub-directories of 1Mb or more:
     R 1.2Mb
     doc 1.0Mb
     extdata 1.1Mb
     libs 1.7Mb
Flavors: r-devel-windows-x86_64, r-release-macos-arm64, r-release-macos-x86_64, r-release-windows-x86_64, r-oldrel-macos-arm64, r-oldrel-macos-x86_64, r-oldrel-windows-ix86+x86_64